{"id":13388,"date":"2022-03-15T18:35:09","date_gmt":"2022-03-15T17:35:09","guid":{"rendered":"https:\/\/www.unidroit.org\/?page_id=13388"},"modified":"2022-07-15T12:54:51","modified_gmt":"2022-07-15T10:54:51","slug":"macrfp","status":"publish","type":"page","link":"https:\/\/www.unidroit.org\/fr\/macrfp\/","title":{"rendered":"Demande de propositions pour le Registre international portant sur les mat\u00e9riels d\u2019\u00e9quipement MAC"},"content":{"rendered":"<h2>Demande de propositions <strong>pour le Registre international portant sur les mat\u00e9riels d\u2019\u00e9quipement MAC<\/strong><\/h2>\n<p>Le Secr\u00e9tariat d\u2019UNIDROIT, au nom de la Commission pr\u00e9paratoire pour l\u2019\u00e9tablissement du Registre international pour les mat\u00e9riels d\u2019\u00e9quipement MAC conform\u00e9ment au Protocole MAC (Commission pr\u00e9paratoire MAC), a le plaisir d\u2019annoncer la publication de la <strong>demande de propositions pour le Registre international portant sur les mat\u00e9riels d\u2019\u00e9quipement MAC.<\/strong><\/p>\n<p>Cette demande de propositions est un document complet dont tous les fichiers y aff\u00e9rents sont disponibles ci-dessous (en anglais):<\/p>\n<ul>\n<li><a href=\"https:\/\/www.unidroit.org\/wp-content\/uploads\/2022\/03\/MAC-International-Registry-Request-for-Proposals-1.pdf\">Request for Proposals for the International Registry for MAC Equipment<\/a>\n<ul>\n<li><a href=\"https:\/\/www.unidroit.org\/wp-content\/uploads\/2022\/03\/Form-4-Technical-Requirements-Assessment-Matrix.xlsx\">Form 4 \u2013 Technical Requirements Assessment Matrix<\/a><\/li>\n<li><a href=\"https:\/\/www.unidroit.org\/wp-content\/uploads\/2022\/03\/Form-5-Contracts-Matrix.xlsx\">Form 5 \u2013 Contracts Matrix<\/a><\/li>\n<li><a href=\"https:\/\/www.unidroit.org\/wp-content\/uploads\/2022\/03\/Form-9-MAC-Registry-Build-and-Operate-Financial-Bid.xlsx\">Form 9 \u2013 Financial Proposal Matrix<\/a><\/li>\n<li><a href=\"https:\/\/www.unidroit.org\/wp-content\/uploads\/2022\/06\/MAC-International-Registry-Clarifications.pdf\" target=\"_blank\" rel=\"noopener\">Responses to the Clarifications<\/a><\/li>\n<\/ul>\n<\/li>\n<\/ul>\n<p>Le calendrier est le suivant:<\/p>\n<p>&nbsp;<\/p>\n<table style=\"width: 98.0609%; height: 144px;\" width=\"1140\">\n<tbody>\n<tr style=\"height: 24px;\">\n<td style=\"height: 24px;\" width=\"146\">21 mars 2022<\/td>\n<td style=\"height: 24px;\" width=\"994\">Publication de la demande de propositions<\/td>\n<\/tr>\n<tr style=\"height: 24px;\">\n<td style=\"height: 24px;\" width=\"146\">1 avril 2022<\/td>\n<td style=\"height: 24px;\" width=\"994\">Pr\u00e9sentation en ligne de la demande de propositions par le Secr\u00e9tariat d\u2019UNIDROIT<\/td>\n<\/tr>\n<tr style=\"height: 24px;\">\n<td style=\"height: 24px;\" width=\"146\">21 mai 2022<\/td>\n<td style=\"height: 24px;\" width=\"994\">Date limite pour les demandes de renseignements<\/td>\n<\/tr>\n<tr style=\"height: 24px;\">\n<td style=\"height: 24px;\" width=\"146\">21 juin 2022<\/td>\n<td style=\"height: 24px;\" width=\"994\">Date limite facultative pour la pr\u00e9sentation d\u2019un avis d&#8217;intention de soumettre une offre<\/td>\n<\/tr>\n<tr style=\"height: 24px;\">\n<td style=\"height: 24px;\" width=\"146\">21 juin 2022<\/td>\n<td style=\"height: 24px;\" width=\"994\">Publication des r\u00e9ponses apport\u00e9es aux demandes de renseignements<\/td>\n<\/tr>\n<tr style=\"height: 24px;\">\n<td style=\"height: 24px;\" width=\"146\"><del><span style=\"color: #ff0000;\"><strong>21 juillet 2022<\/strong><\/span><\/del><\/td>\n<td style=\"height: 24px;\" width=\"994\"><del><span style=\"color: #ff0000;\"><strong>Date limite pour soumettre la demande de participation et l&#8217;offre<\/strong><\/span><\/del><\/td>\n<\/tr>\n<tr style=\"height: 24px;\">\n<td style=\"height: 24px;\" width=\"146\"><span style=\"color: #ff0000;\"><strong>21 septembre 2022<\/strong><\/span><\/td>\n<td style=\"height: 24px;\" width=\"994\"><span style=\"color: #ff0000;\"><strong>Date limite prolong\u00e9e pour la demande de participation et l&#8217;offre \u00e0 soumettre<\/strong><\/span><\/td>\n<\/tr>\n<\/tbody>\n<\/table>\n<p>Pour une description d\u00e9taill\u00e9e des \u00e9ch\u00e9ances concernant le processus dans son ensemble, veuillez vous r\u00e9f\u00e9rer au paragraphe 177 de la demande de propositions.<\/p>\n<p>Pour toute question sur la proc\u00e9dure portant sur la demande de propositions, veuillez contacter\u00a0<a href=\"mailto:macrfp@unidroit.org\">macrfp@unidroit.org<\/a>. Pour en savoir plus sur le Protocole MAC, <a href=\"https:\/\/www.unidroit.org\/fr\/instruments\/garanties-internationales\/protocole-mac\/\">cliquer ici<\/a>. Pour en savoir plus sur la Commission pr\u00e9paratoire MAC, <a href=\"https:\/\/www.unidroit.org\/fr\/travaux-en-cours\/protocole-mac-comm-prep\/\">cliquer ici<\/a>.<\/p>\n<p>Une conf\u00e9rence a \u00e9t\u00e9 organis\u00e9e pour le RFP le 1er avril 2022. Les diapositives de la pr\u00e9sentation sont disponibles <a href=\"https:\/\/www.unidroit.org\/wp-content\/uploads\/2022\/04\/UNIDROIT-Presentation-MAC-RFP-Event.pdf\" target=\"_blank\" rel=\"noopener\">ici<\/a>. L&#8217;enregistrement de la conf\u00e9rence est disponible <a href=\"https:\/\/www.youtube.com\/watch?v=K9FpHJpCFqw\" target=\"_blank\" rel=\"noopener\">ici<\/a>.<\/p>\n","protected":false},"excerpt":{"rendered":"<p>Demande de propositions pour le Registre international portant sur les mat\u00e9riels d\u2019\u00e9quipement MAC Le Secr\u00e9tariat d\u2019UNIDROIT, au nom de la Commission pr\u00e9paratoire pour l\u2019\u00e9tablissement du Registre international pour les mat\u00e9riels d\u2019\u00e9quipement MAC conform\u00e9ment au Protocole MAC (Commission pr\u00e9paratoire MAC), a le plaisir d\u2019annoncer la publication&nbsp;<a href=\"https:\/\/www.unidroit.org\/fr\/macrfp\/\">&hellip;<\/a><\/p>\n","protected":false},"author":20,"featured_media":0,"parent":0,"menu_order":0,"comment_status":"closed","ping_status":"closed","template":"template-fullwidth.php","meta":{"ep_exclude_from_search":false,"footnotes":""},"class_list":["post-13388","page","type-page","status-publish","format-standard","hentry","odd"],"_links":{"self":[{"href":"https:\/\/www.unidroit.org\/fr\/wp-json\/wp\/v2\/pages\/13388","targetHints":{"allow":["GET"]}}],"collection":[{"href":"https:\/\/www.unidroit.org\/fr\/wp-json\/wp\/v2\/pages"}],"about":[{"href":"https:\/\/www.unidroit.org\/fr\/wp-json\/wp\/v2\/types\/page"}],"author":[{"embeddable":true,"href":"https:\/\/www.unidroit.org\/fr\/wp-json\/wp\/v2\/users\/20"}],"replies":[{"embeddable":true,"href":"https:\/\/www.unidroit.org\/fr\/wp-json\/wp\/v2\/comments?post=13388"}],"version-history":[{"count":0,"href":"https:\/\/www.unidroit.org\/fr\/wp-json\/wp\/v2\/pages\/13388\/revisions"}],"wp:attachment":[{"href":"https:\/\/www.unidroit.org\/fr\/wp-json\/wp\/v2\/media?parent=13388"}],"curies":[{"name":"wp","href":"https:\/\/api.w.org\/{rel}","templated":true}]}}

Demande de propositions pour le Registre international portant sur les matériels d’équipement MAC

<h2>Demande de propositions <strong>pour le Registre international portant sur les matériels d’équipement MAC</strong></h2>
<p>Le Secrétariat d’UNIDROIT, au nom de la Commission préparatoire pour l’établissement du Registre international pour les matériels d’équipement MAC conformément au Protocole MAC (Commission préparatoire MAC), a le plaisir d’annoncer la publication de la <strong>demande de propositions pour le Registre international portant sur les matériels d’équipement MAC.</strong></p>
<p>Cette demande de propositions est un document complet dont tous les fichiers y afférents sont disponibles ci-dessous (en anglais):</p>
<ul>
<li><a href="https://www.unidroit.org/wp-content/uploads/2022/03/MAC-International-Registry-Request-for-Proposals-1.pdf">Request for Proposals for the International Registry for MAC Equipment</a>
<ul>
<li><a href="https://www.unidroit.org/wp-content/uploads/2022/03/Form-4-Technical-Requirements-Assessment-Matrix.xlsx">Form 4 – Technical Requirements Assessment Matrix</a></li>
<li><a href="https://www.unidroit.org/wp-content/uploads/2022/03/Form-5-Contracts-Matrix.xlsx">Form 5 – Contracts Matrix</a></li>
<li><a href="https://www.unidroit.org/wp-content/uploads/2022/03/Form-9-MAC-Registry-Build-and-Operate-Financial-Bid.xlsx">Form 9 – Financial Proposal Matrix</a></li>
<li><a href="https://www.unidroit.org/wp-content/uploads/2022/06/MAC-International-Registry-Clarifications.pdf" target="_blank" rel="noopener">Responses to the Clarifications</a></li>
</ul>
</li>
</ul>
<p>Le calendrier est le suivant:</p>
<p>&nbsp;</p>
<table style="width: 98.0609%; height: 144px;" width="1140">
<tbody>
<tr style="height: 24px;">
<td style="height: 24px;" width="146">21 mars 2022</td>
<td style="height: 24px;" width="994">Publication de la demande de propositions</td>
</tr>
<tr style="height: 24px;">
<td style="height: 24px;" width="146">1 avril 2022</td>
<td style="height: 24px;" width="994">Présentation en ligne de la demande de propositions par le Secrétariat d’UNIDROIT</td>
</tr>
<tr style="height: 24px;">
<td style="height: 24px;" width="146">21 mai 2022</td>
<td style="height: 24px;" width="994">Date limite pour les demandes de renseignements</td>
</tr>
<tr style="height: 24px;">
<td style="height: 24px;" width="146">21 juin 2022</td>
<td style="height: 24px;" width="994">Date limite facultative pour la présentation d’un avis d&#8217;intention de soumettre une offre</td>
</tr>
<tr style="height: 24px;">
<td style="height: 24px;" width="146">21 juin 2022</td>
<td style="height: 24px;" width="994">Publication des réponses apportées aux demandes de renseignements</td>
</tr>
<tr style="height: 24px;">
<td style="height: 24px;" width="146"><del><span style="color: #ff0000;"><strong>21 juillet 2022</strong></span></del></td>
<td style="height: 24px;" width="994"><del><span style="color: #ff0000;"><strong>Date limite pour soumettre la demande de participation et l&#8217;offre</strong></span></del></td>
</tr>
<tr style="height: 24px;">
<td style="height: 24px;" width="146"><span style="color: #ff0000;"><strong>21 septembre 2022</strong></span></td>
<td style="height: 24px;" width="994"><span style="color: #ff0000;"><strong>Date limite prolongée pour la demande de participation et l&#8217;offre à soumettre</strong></span></td>
</tr>
</tbody>
</table>
<p>Pour une description détaillée des échéances concernant le processus dans son ensemble, veuillez vous référer au paragraphe 177 de la demande de propositions.</p>
<p>Pour toute question sur la procédure portant sur la demande de propositions, veuillez contacter <a href="mailto:macrfp@unidroit.org">macrfp@unidroit.org</a>. Pour en savoir plus sur le Protocole MAC, <a href="https://www.unidroit.org/fr/instruments/garanties-internationales/protocole-mac/">cliquer ici</a>. Pour en savoir plus sur la Commission préparatoire MAC, <a href="https://www.unidroit.org/fr/travaux-en-cours/protocole-mac-comm-prep/">cliquer ici</a>.</p>
<p>Une conférence a été organisée pour le RFP le 1er avril 2022. Les diapositives de la présentation sont disponibles <a href="https://www.unidroit.org/wp-content/uploads/2022/04/UNIDROIT-Presentation-MAC-RFP-Event.pdf" target="_blank" rel="noopener">ici</a>. L&#8217;enregistrement de la conférence est disponible <a href="https://www.youtube.com/watch?v=K9FpHJpCFqw" target="_blank" rel="noopener">ici</a>.</p>

<p>Demande de propositions pour le Registre international portant sur les matériels d’équipement MAC Le Secrétariat d’UNIDROIT, au nom de la Commission préparatoire pour l’établissement du Registre international pour les matériels d’équipement MAC conformément au Protocole MAC (Commission préparatoire MAC), a le plaisir d’annoncer la publication&nbsp;<a href="https://www.unidroit.org/fr/macrfp/">&hellip;</a></p>
