{"id":23590,"date":"2021-07-27T07:58:00","date_gmt":"2021-07-27T05:58:00","guid":{"rendered":"https:\/\/www.unidroit.org\/?page_id=23590"},"modified":"2024-02-13T14:24:47","modified_gmt":"2024-02-13T13:24:47","slug":"82eme-session-rome-14-decembre-2023","status":"publish","type":"page","link":"https:\/\/www.unidroit.org\/fr\/reunions\/assemblee-generale\/82eme-session-rome-14-decembre-2023\/","title":{"rendered":"82\u00e8me SESSION (ROME, 14 D\u00c9CEMBRE 2023)"},"content":{"rendered":"<div class=\"wpb-content-wrapper\"><p>[vc_row][vc_column css=&#8221;.vc_custom_1490017614850{margin-bottom: 30px !important;}&#8221;][vc_custom_heading text=&#8221;82\u00e8me SESSION (ROME, 14 D\u00c9CEMBRE 2023)&#8221; font_container=&#8221;tag:h1|text_align:left&#8221; use_theme_fonts=&#8221;yes&#8221; css=&#8221;.vc_custom_1698161846265{margin-top: 0px !important;margin-bottom: 20px !important;}&#8221;][vc_column_text css=&#8221;.vc_custom_1707830671614{padding-top: 35px !important;padding-right: 35px !important;padding-bottom: 35px !important;padding-left: 35px !important;background-color: #f2f2f2 !important;}&#8221;]<\/p>\n<p style=\"text-align: center;\"><span style=\"font-size: 14pt;\"><strong>Documents<\/strong><\/span><\/p>\n<ul style=\"list-style-type: circle;\">\n<li>Rapport (<a href=\"https:\/\/www.unidroit.org\/wp-content\/uploads\/2024\/02\/A.G.-82-11-Rapport.pdf\">A.G. (82) 11<\/a>)<\/li>\n<\/ul>\n<p style=\"text-align: center;\">*\u00a0 \u00a0 \u00a0*\u00a0 \u00a0 \u00a0*<\/p>\n<table style=\"border-collapse: collapse; width: 100%; height: 363px;\">\n<tbody>\n<tr style=\"height: 24px;\">\n<td style=\"width: 2.9699%; height: 24px;\">1.<\/td>\n<td style=\"width: 97.0301%; height: 24px;\">Ouverture de la session par le Secr\u00e9taire G\u00e9n\u00e9ral d\u2019UNIDROIT et par le Pr\u00e9sident de l\u2019Assembl\u00e9e G\u00e9n\u00e9rale pour l\u2019ann\u00e9e 2022-2023<\/td>\n<\/tr>\n<tr style=\"height: 24px;\">\n<td style=\"width: 2.9699%; height: 24px;\">2.<\/td>\n<td style=\"width: 97.0301%; height: 24px;\">Nomination du Pr\u00e9sident de l\u2019Assembl\u00e9e G\u00e9n\u00e9rale pour l\u2019ann\u00e9e 2023-2024<\/td>\n<\/tr>\n<tr style=\"height: 24px;\">\n<td style=\"width: 2.9699%; height: 24px;\">3.<\/td>\n<td style=\"width: 97.0301%; height: 24px;\">Adoption de l\u2019ordre du jour (<a href=\"https:\/\/www.unidroit.org\/wp-content\/uploads\/2023\/10\/A.G.-82-1-Ordre-du-jour-prov.-annote.pdf\">A.G. (82) 1<\/a>)<\/td>\n<\/tr>\n<tr style=\"height: 24px;\">\n<td style=\"width: 2.9699%; height: 24px;\">4.<\/td>\n<td style=\"width: 97.0301%; height: 24px;\">\u00c9lection des membres du Conseil de Direction pour la p\u00e9riode 2024-2028 (<a href=\"https:\/\/www.unidroit.org\/wp-content\/uploads\/2023\/11\/A.G.-82-2-prov.-Extract.pdf\">A.G. (82) 2 prov. &#8211; Extract<\/a>)<\/td>\n<\/tr>\n<tr style=\"height: 48px;\">\n<td style=\"width: 2.9699%; height: 48px;\">5.<\/td>\n<td style=\"width: 97.0301%; height: 48px;\">Nomination de l\u2019Honorable Leonardo Nemer Caldeira Brant, juge \u00e0 la Cour internationale de justice, en tant que membre du Conseil de Direction pour la p\u00e9riode 2024-2028 (<a href=\"https:\/\/www.unidroit.org\/wp-content\/uploads\/2023\/11\/A.G.-82-3-Nomination-Juge-CIJ.pdf\">A.G. (82) 3<\/a>)<\/td>\n<\/tr>\n<tr style=\"height: 24px;\">\n<td style=\"width: 2.9699%; height: 24px;\">6.<\/td>\n<td style=\"width: 97.0301%; height: 24px;\">Expos\u00e9 sur l\u2019activit\u00e9 de l\u2019Organisation en 2023 (<a href=\"https:\/\/www.unidroit.org\/wp-content\/uploads\/2023\/11\/A.G.-82-4-Activite-de-lOrganisation-en-2023.pdf\">A.G. (82) 4<\/a>)<\/td>\n<\/tr>\n<tr style=\"height: 24px;\">\n<td style=\"width: 2.9699%; height: 24px;\">7.<\/td>\n<td style=\"width: 97.0301%; height: 24px;\">Nomination d\u2019une Autorit\u00e9 de surveillance pour le Registre du Protocole MAC (<a href=\"https:\/\/www.unidroit.org\/wp-content\/uploads\/2023\/11\/A.G.-82-5-Nomination-Autorite-de-surveillance-Registre-Protocole-MAC.pdf\">A.G. (82) 5<\/a>)<\/td>\n<\/tr>\n<tr style=\"height: 27px;\">\n<td style=\"width: 2.9699%; height: 27px;\">8.<\/td>\n<td style=\"width: 97.0301%; height: 27px;\">Rapport du Pr\u00e9sident de la Commission des Finances sur sa 96<sup>\u00e8me<\/sup> session (<a href=\"https:\/\/www.unidroit.org\/wp-content\/uploads\/2023\/11\/FC968-Rapport.pdf\">C.F. (96) 8<\/a>) et reconduction des membres de la Commission des Finances (<a href=\"https:\/\/www.unidroit.org\/wp-content\/uploads\/2023\/10\/A.G.-82-1-Ordre-du-jour-prov.-annote.pdf\">A.G. (82) 1<\/a>)<\/td>\n<\/tr>\n<tr style=\"height: 24px;\">\n<td style=\"width: 2.9699%; height: 24px;\">9.<\/td>\n<td style=\"width: 97.0301%; height: 24px;\">Modifications d\u00e9finitives du Budget et approbation des Comptes pour l\u2019exercice financier 2022 (<a href=\"https:\/\/www.unidroit.org\/wp-content\/uploads\/2023\/11\/A.G.-82-6-Modifications-definitives-au-Budget-2022.pdf\">A.G. (82) 6<\/a>)<\/td>\n<\/tr>\n<tr style=\"height: 24px;\">\n<td style=\"width: 2.9699%; height: 24px;\">10.<\/td>\n<td style=\"width: 97.0301%; height: 24px;\">Ajustements au Budget de l\u2019exercice financier 2023 (<a href=\"https:\/\/www.unidroit.org\/wp-content\/uploads\/2023\/11\/A.G.-82-7-Ajustements-au-Budget-de-lexercice-financier-2023.pdf\">A.G. (82) 7<\/a>)<\/td>\n<\/tr>\n<tr style=\"height: 24px;\">\n<td style=\"width: 2.9699%; height: 24px;\">11.<\/td>\n<td style=\"width: 97.0301%; height: 24px;\">Arri\u00e9r\u00e9s de contributions des \u00c9tats membres (<a href=\"https:\/\/www.unidroit.org\/wp-content\/uploads\/2023\/11\/A.G.-82-8-Arrieres-contributions.pdf\">A.G. (82) 8<\/a>)<\/td>\n<\/tr>\n<tr style=\"height: 24px;\">\n<td style=\"width: 2.9699%; height: 24px;\">12.<\/td>\n<td style=\"width: 97.0301%; height: 24px;\">Approbation du projet de Budget pour 2024 et observations soumises par les \u00c9tats membres (<a href=\"https:\/\/www.unidroit.org\/wp-content\/uploads\/2023\/11\/A.G.-82-9-Projet-Budget-2024-Obs-EM.pdf\">A.G. (82) 9<\/a>)<\/td>\n<\/tr>\n<tr style=\"height: 24px;\">\n<td style=\"width: 2.9699%; height: 24px;\">13.<\/td>\n<td style=\"width: 97.0301%; height: 24px;\">Mise \u00e0 jour sur le syst\u00e8me de s\u00e9curit\u00e9 sociale appliqu\u00e9 au personnel d\u2019UNIDROIT (<a href=\"https:\/\/www.unidroit.org\/wp-content\/uploads\/2023\/11\/A.G.-82-10-Mise-a-jour-sur-systeme-de-securites-sociale.pdf\">A.G. (82) 10<\/a>)<\/td>\n<\/tr>\n<tr style=\"height: 24px;\">\n<td style=\"width: 2.9699%; height: 24px;\">14.<\/td>\n<td style=\"width: 97.0301%; height: 24px;\">Divers.<\/td>\n<\/tr>\n<\/tbody>\n<\/table>\n<p>[\/vc_column_text][\/vc_column][\/vc_row]<\/p>\n<\/div>","protected":false},"excerpt":{"rendered":"<p>[vc_row][vc_column css=&#8221;.vc_custom_1490017614850{margin-bottom: 30px !important;}&#8221;][vc_custom_heading text=&#8221;82\u00e8me SESSION (ROME, 14 D\u00c9CEMBRE 2023)&#8221; font_container=&#8221;tag:h1|text_align:left&#8221; use_theme_fonts=&#8221;yes&#8221; css=&#8221;.vc_custom_1698161846265{margin-top: 0px !important;margin-bottom: 20px !important;}&#8221;][vc_column_text css=&#8221;.vc_custom_1707830671614{padding-top: 35px !important;padding-right: 35px !important;padding-bottom: 35px !important;padding-left: 35px !important;background-color: #f2f2f2 !important;}&#8221;] Documents Rapport (A.G. (82) 11) *\u00a0 \u00a0 \u00a0*\u00a0 \u00a0 \u00a0* 1. Ouverture de la session par le&nbsp;<a href=\"https:\/\/www.unidroit.org\/fr\/reunions\/assemblee-generale\/82eme-session-rome-14-decembre-2023\/\">&hellip;<\/a><\/p>\n","protected":false},"author":15,"featured_media":0,"parent":4888,"menu_order":0,"comment_status":"closed","ping_status":"closed","template":"","meta":{"ep_exclude_from_search":false,"footnotes":""},"class_list":["post-23590","page","type-page","status-publish","format-standard","hentry","odd"],"_links":{"self":[{"href":"https:\/\/www.unidroit.org\/fr\/wp-json\/wp\/v2\/pages\/23590","targetHints":{"allow":["GET"]}}],"collection":[{"href":"https:\/\/www.unidroit.org\/fr\/wp-json\/wp\/v2\/pages"}],"about":[{"href":"https:\/\/www.unidroit.org\/fr\/wp-json\/wp\/v2\/types\/page"}],"author":[{"embeddable":true,"href":"https:\/\/www.unidroit.org\/fr\/wp-json\/wp\/v2\/users\/15"}],"replies":[{"embeddable":true,"href":"https:\/\/www.unidroit.org\/fr\/wp-json\/wp\/v2\/comments?post=23590"}],"version-history":[{"count":0,"href":"https:\/\/www.unidroit.org\/fr\/wp-json\/wp\/v2\/pages\/23590\/revisions"}],"up":[{"embeddable":true,"href":"https:\/\/www.unidroit.org\/fr\/wp-json\/wp\/v2\/pages\/4888"}],"wp:attachment":[{"href":"https:\/\/www.unidroit.org\/fr\/wp-json\/wp\/v2\/media?parent=23590"}],"curies":[{"name":"wp","href":"https:\/\/api.w.org\/{rel}","templated":true}]}}

82ème SESSION (ROME, 14 DÉCEMBRE 2023)

<div class="wpb-content-wrapper"><p>[vc_row][vc_column css=&#8221;.vc_custom_1490017614850{margin-bottom: 30px !important;}&#8221;][vc_custom_heading text=&#8221;82ème SESSION (ROME, 14 DÉCEMBRE 2023)&#8221; font_container=&#8221;tag:h1|text_align:left&#8221; use_theme_fonts=&#8221;yes&#8221; css=&#8221;.vc_custom_1698161846265{margin-top: 0px !important;margin-bottom: 20px !important;}&#8221;][vc_column_text css=&#8221;.vc_custom_1707830671614{padding-top: 35px !important;padding-right: 35px !important;padding-bottom: 35px !important;padding-left: 35px !important;background-color: #f2f2f2 !important;}&#8221;]</p>
<p style="text-align: center;"><span style="font-size: 14pt;"><strong>Documents</strong></span></p>
<ul style="list-style-type: circle;">
<li>Rapport (<a href="https://www.unidroit.org/wp-content/uploads/2024/02/A.G.-82-11-Rapport.pdf">A.G. (82) 11</a>)</li>
</ul>
<p style="text-align: center;">*     *     *</p>
<table style="border-collapse: collapse; width: 100%; height: 363px;">
<tbody>
<tr style="height: 24px;">
<td style="width: 2.9699%; height: 24px;">1.</td>
<td style="width: 97.0301%; height: 24px;">Ouverture de la session par le Secrétaire Général d’UNIDROIT et par le Président de l’Assemblée Générale pour l’année 2022-2023</td>
</tr>
<tr style="height: 24px;">
<td style="width: 2.9699%; height: 24px;">2.</td>
<td style="width: 97.0301%; height: 24px;">Nomination du Président de l’Assemblée Générale pour l’année 2023-2024</td>
</tr>
<tr style="height: 24px;">
<td style="width: 2.9699%; height: 24px;">3.</td>
<td style="width: 97.0301%; height: 24px;">Adoption de l’ordre du jour (<a href="https://www.unidroit.org/wp-content/uploads/2023/10/A.G.-82-1-Ordre-du-jour-prov.-annote.pdf">A.G. (82) 1</a>)</td>
</tr>
<tr style="height: 24px;">
<td style="width: 2.9699%; height: 24px;">4.</td>
<td style="width: 97.0301%; height: 24px;">Élection des membres du Conseil de Direction pour la période 2024-2028 (<a href="https://www.unidroit.org/wp-content/uploads/2023/11/A.G.-82-2-prov.-Extract.pdf">A.G. (82) 2 prov. &#8211; Extract</a>)</td>
</tr>
<tr style="height: 48px;">
<td style="width: 2.9699%; height: 48px;">5.</td>
<td style="width: 97.0301%; height: 48px;">Nomination de l’Honorable Leonardo Nemer Caldeira Brant, juge à la Cour internationale de justice, en tant que membre du Conseil de Direction pour la période 2024-2028 (<a href="https://www.unidroit.org/wp-content/uploads/2023/11/A.G.-82-3-Nomination-Juge-CIJ.pdf">A.G. (82) 3</a>)</td>
</tr>
<tr style="height: 24px;">
<td style="width: 2.9699%; height: 24px;">6.</td>
<td style="width: 97.0301%; height: 24px;">Exposé sur l’activité de l’Organisation en 2023 (<a href="https://www.unidroit.org/wp-content/uploads/2023/11/A.G.-82-4-Activite-de-lOrganisation-en-2023.pdf">A.G. (82) 4</a>)</td>
</tr>
<tr style="height: 24px;">
<td style="width: 2.9699%; height: 24px;">7.</td>
<td style="width: 97.0301%; height: 24px;">Nomination d’une Autorité de surveillance pour le Registre du Protocole MAC (<a href="https://www.unidroit.org/wp-content/uploads/2023/11/A.G.-82-5-Nomination-Autorite-de-surveillance-Registre-Protocole-MAC.pdf">A.G. (82) 5</a>)</td>
</tr>
<tr style="height: 27px;">
<td style="width: 2.9699%; height: 27px;">8.</td>
<td style="width: 97.0301%; height: 27px;">Rapport du Président de la Commission des Finances sur sa 96<sup>ème</sup> session (<a href="https://www.unidroit.org/wp-content/uploads/2023/11/FC968-Rapport.pdf">C.F. (96) 8</a>) et reconduction des membres de la Commission des Finances (<a href="https://www.unidroit.org/wp-content/uploads/2023/10/A.G.-82-1-Ordre-du-jour-prov.-annote.pdf">A.G. (82) 1</a>)</td>
</tr>
<tr style="height: 24px;">
<td style="width: 2.9699%; height: 24px;">9.</td>
<td style="width: 97.0301%; height: 24px;">Modifications définitives du Budget et approbation des Comptes pour l’exercice financier 2022 (<a href="https://www.unidroit.org/wp-content/uploads/2023/11/A.G.-82-6-Modifications-definitives-au-Budget-2022.pdf">A.G. (82) 6</a>)</td>
</tr>
<tr style="height: 24px;">
<td style="width: 2.9699%; height: 24px;">10.</td>
<td style="width: 97.0301%; height: 24px;">Ajustements au Budget de l’exercice financier 2023 (<a href="https://www.unidroit.org/wp-content/uploads/2023/11/A.G.-82-7-Ajustements-au-Budget-de-lexercice-financier-2023.pdf">A.G. (82) 7</a>)</td>
</tr>
<tr style="height: 24px;">
<td style="width: 2.9699%; height: 24px;">11.</td>
<td style="width: 97.0301%; height: 24px;">Arriérés de contributions des États membres (<a href="https://www.unidroit.org/wp-content/uploads/2023/11/A.G.-82-8-Arrieres-contributions.pdf">A.G. (82) 8</a>)</td>
</tr>
<tr style="height: 24px;">
<td style="width: 2.9699%; height: 24px;">12.</td>
<td style="width: 97.0301%; height: 24px;">Approbation du projet de Budget pour 2024 et observations soumises par les États membres (<a href="https://www.unidroit.org/wp-content/uploads/2023/11/A.G.-82-9-Projet-Budget-2024-Obs-EM.pdf">A.G. (82) 9</a>)</td>
</tr>
<tr style="height: 24px;">
<td style="width: 2.9699%; height: 24px;">13.</td>
<td style="width: 97.0301%; height: 24px;">Mise à jour sur le système de sécurité sociale appliqué au personnel d’UNIDROIT (<a href="https://www.unidroit.org/wp-content/uploads/2023/11/A.G.-82-10-Mise-a-jour-sur-systeme-de-securites-sociale.pdf">A.G. (82) 10</a>)</td>
</tr>
<tr style="height: 24px;">
<td style="width: 2.9699%; height: 24px;">14.</td>
<td style="width: 97.0301%; height: 24px;">Divers.</td>
</tr>
</tbody>
</table>
<p>[/vc_column_text][/vc_column][/vc_row]</p>
</div>

<p>[vc_row][vc_column css=&#8221;.vc_custom_1490017614850{margin-bottom: 30px !important;}&#8221;][vc_custom_heading text=&#8221;82ème SESSION (ROME, 14 DÉCEMBRE 2023)&#8221; font_container=&#8221;tag:h1|text_align:left&#8221; use_theme_fonts=&#8221;yes&#8221; css=&#8221;.vc_custom_1698161846265{margin-top: 0px !important;margin-bottom: 20px !important;}&#8221;][vc_column_text css=&#8221;.vc_custom_1707830671614{padding-top: 35px !important;padding-right: 35px !important;padding-bottom: 35px !important;padding-left: 35px !important;background-color: #f2f2f2 !important;}&#8221;] Documents Rapport (A.G. (82) 11) *     *     * 1. Ouverture de la session par le&nbsp;<a href="https://www.unidroit.org/fr/reunions/assemblee-generale/82eme-session-rome-14-decembre-2023/">&hellip;</a></p>
