{"id":31699,"date":"2024-10-16T11:22:46","date_gmt":"2024-10-16T09:22:46","guid":{"rendered":"https:\/\/www.unidroit.org\/?page_id=31699"},"modified":"2025-04-07T14:07:59","modified_gmt":"2025-04-07T12:07:59","slug":"99eme-session-rome-27-mars-2025","status":"publish","type":"page","link":"https:\/\/www.unidroit.org\/fr\/reunions\/commission-des-finances\/99eme-session-rome-27-mars-2025\/","title":{"rendered":"99\u00e8me session (Rome, 27 mars 2025)"},"content":{"rendered":"<div class=\"wpb-content-wrapper\"><p style=\"text-align: center;\"><strong>Documents<\/strong><\/p>\n<p>[vc_row][vc_column css=&#8221;.vc_custom_1490017614850{margin-bottom: 30px !important;}&#8221;][vc_custom_heading text=&#8221;99\u00e8me Session<br \/>\n(Rome, 27 mars 2025)&#8221; font_container=&#8221;tag:h1|text_align:left&#8221; use_theme_fonts=&#8221;yes&#8221; css=&#8221;.vc_custom_1742297823889{margin-top: 0px !important;margin-bottom: 20px !important;}&#8221;][vc_column_text css=&#8221;.vc_custom_1742388930171{padding-top: 35px !important;padding-right: 35px !important;padding-bottom: 35px !important;padding-left: 35px !important;background-color: #f2f2f2 !important;}&#8221;]<\/p>\n<p>1. Ouverture de la session<\/p>\n<p>2. Nomination du Pr\u00e9sident de la Commission des Finances <a href=\"https:\/\/www.unidroit.org\/wp-content\/uploads\/2025\/03\/C.F.991-Projet-dordre-du-jour-annote.pdf\">(C.F. (99) 1)<\/a><\/p>\n<p>3. Adoption de l\u2019ordre du jour <a href=\"https:\/\/www.unidroit.org\/wp-content\/uploads\/2025\/03\/C.F.991-Projet-dordre-du-jour-annote.pdf\">(C.F. (99) 1)<\/a><\/p>\n<p>4. Premier examen des Comptes pour l\u2019exercice financier 2024 <a href=\"https:\/\/www.unidroit.org\/wp-content\/uploads\/2025\/03\/C.F.992-Premier-examen-des-Comptes-2024-Site-Internet.pdf\">(C.F. (99) 2)<\/a><\/p>\n<p>5. Informations sur les contributions en nature en 2024 <a href=\"https:\/\/www.unidroit.org\/wp-content\/uploads\/2025\/03\/C.F.993-Informations-sur-les-contributions-en-nature-recues-en-2024.pdf\">(F.C. (99) 3)<\/a><\/p>\n<p>6. Projet de Budget pour 2026 \u2013 Premi\u00e8res estimations <a href=\"https:\/\/www.unidroit.org\/wp-content\/uploads\/2025\/03\/C.F.994-Projet-de-Budget-2026.pdf\">(C.F. (99) 4)<\/a><\/p>\n<p>7. Mise \u00e0 jour sur le syst\u00e8me de s\u00e9curit\u00e9 sociale appliqu\u00e9 au personnel d\u2019UNIDROIT <a href=\"https:\/\/www.unidroit.org\/wp-content\/uploads\/2025\/03\/C.F.995-Mise-a-jour-sur-systeme-de-securite-sociale-Site-Internet.pdf\">(C.F. (99) 5)<\/a><\/p>\n<p>8. Contributions pour le centenaire d\u2019UNIDROIT (pr\u00e9sentation orale)<\/p>\n<p>9. Mise \u00e0 jour sur l\u2019investissement des actifs du Fonds de roulement (pr\u00e9sentation orale)<\/p>\n<p>10. Divers [\/vc_column_text][\/vc_column][\/vc_row]<\/p>\n<\/div>","protected":false},"excerpt":{"rendered":"<p>Documents [vc_row][vc_column css=&#8221;.vc_custom_1490017614850{margin-bottom: 30px !important;}&#8221;][vc_custom_heading text=&#8221;99\u00e8me Session (Rome, 27 mars 2025)&#8221; font_container=&#8221;tag:h1|text_align:left&#8221; use_theme_fonts=&#8221;yes&#8221; css=&#8221;.vc_custom_1742297823889{margin-top: 0px !important;margin-bottom: 20px !important;}&#8221;][vc_column_text css=&#8221;.vc_custom_1742388930171{padding-top: 35px !important;padding-right: 35px !important;padding-bottom: 35px !important;padding-left: 35px !important;background-color: #f2f2f2 !important;}&#8221;] 1. Ouverture de la session 2. Nomination du Pr\u00e9sident de la Commission des Finances (C.F. (99)&nbsp;<a href=\"https:\/\/www.unidroit.org\/fr\/reunions\/commission-des-finances\/99eme-session-rome-27-mars-2025\/\">&hellip;<\/a><\/p>\n","protected":false},"author":30,"featured_media":0,"parent":5015,"menu_order":0,"comment_status":"closed","ping_status":"closed","template":"","meta":{"ep_exclude_from_search":false,"footnotes":""},"class_list":["post-31699","page","type-page","status-publish","format-standard","hentry","odd"],"_links":{"self":[{"href":"https:\/\/www.unidroit.org\/fr\/wp-json\/wp\/v2\/pages\/31699","targetHints":{"allow":["GET"]}}],"collection":[{"href":"https:\/\/www.unidroit.org\/fr\/wp-json\/wp\/v2\/pages"}],"about":[{"href":"https:\/\/www.unidroit.org\/fr\/wp-json\/wp\/v2\/types\/page"}],"author":[{"embeddable":true,"href":"https:\/\/www.unidroit.org\/fr\/wp-json\/wp\/v2\/users\/30"}],"replies":[{"embeddable":true,"href":"https:\/\/www.unidroit.org\/fr\/wp-json\/wp\/v2\/comments?post=31699"}],"version-history":[{"count":7,"href":"https:\/\/www.unidroit.org\/fr\/wp-json\/wp\/v2\/pages\/31699\/revisions"}],"predecessor-version":[{"id":32127,"href":"https:\/\/www.unidroit.org\/fr\/wp-json\/wp\/v2\/pages\/31699\/revisions\/32127"}],"up":[{"embeddable":true,"href":"https:\/\/www.unidroit.org\/fr\/wp-json\/wp\/v2\/pages\/5015"}],"wp:attachment":[{"href":"https:\/\/www.unidroit.org\/fr\/wp-json\/wp\/v2\/media?parent=31699"}],"curies":[{"name":"wp","href":"https:\/\/api.w.org\/{rel}","templated":true}]}}

99ème session (Rome, 27 mars 2025)

<div class="wpb-content-wrapper"><p style="text-align: center;"><strong>Documents</strong></p>
<p>[vc_row][vc_column css=&#8221;.vc_custom_1490017614850{margin-bottom: 30px !important;}&#8221;][vc_custom_heading text=&#8221;99ème Session<br />
(Rome, 27 mars 2025)&#8221; font_container=&#8221;tag:h1|text_align:left&#8221; use_theme_fonts=&#8221;yes&#8221; css=&#8221;.vc_custom_1742297823889{margin-top: 0px !important;margin-bottom: 20px !important;}&#8221;][vc_column_text css=&#8221;.vc_custom_1742388930171{padding-top: 35px !important;padding-right: 35px !important;padding-bottom: 35px !important;padding-left: 35px !important;background-color: #f2f2f2 !important;}&#8221;]</p>
<p>1. Ouverture de la session</p>
<p>2. Nomination du Président de la Commission des Finances <a href="https://www.unidroit.org/wp-content/uploads/2025/03/C.F.991-Projet-dordre-du-jour-annote.pdf">(C.F. (99) 1)</a></p>
<p>3. Adoption de l’ordre du jour <a href="https://www.unidroit.org/wp-content/uploads/2025/03/C.F.991-Projet-dordre-du-jour-annote.pdf">(C.F. (99) 1)</a></p>
<p>4. Premier examen des Comptes pour l’exercice financier 2024 <a href="https://www.unidroit.org/wp-content/uploads/2025/03/C.F.992-Premier-examen-des-Comptes-2024-Site-Internet.pdf">(C.F. (99) 2)</a></p>
<p>5. Informations sur les contributions en nature en 2024 <a href="https://www.unidroit.org/wp-content/uploads/2025/03/C.F.993-Informations-sur-les-contributions-en-nature-recues-en-2024.pdf">(F.C. (99) 3)</a></p>
<p>6. Projet de Budget pour 2026 – Premières estimations <a href="https://www.unidroit.org/wp-content/uploads/2025/03/C.F.994-Projet-de-Budget-2026.pdf">(C.F. (99) 4)</a></p>
<p>7. Mise à jour sur le système de sécurité sociale appliqué au personnel d’UNIDROIT <a href="https://www.unidroit.org/wp-content/uploads/2025/03/C.F.995-Mise-a-jour-sur-systeme-de-securite-sociale-Site-Internet.pdf">(C.F. (99) 5)</a></p>
<p>8. Contributions pour le centenaire d’UNIDROIT (présentation orale)</p>
<p>9. Mise à jour sur l’investissement des actifs du Fonds de roulement (présentation orale)</p>
<p>10. Divers [/vc_column_text][/vc_column][/vc_row]</p>
</div>

<p>Documents [vc_row][vc_column css=&#8221;.vc_custom_1490017614850{margin-bottom: 30px !important;}&#8221;][vc_custom_heading text=&#8221;99ème Session (Rome, 27 mars 2025)&#8221; font_container=&#8221;tag:h1|text_align:left&#8221; use_theme_fonts=&#8221;yes&#8221; css=&#8221;.vc_custom_1742297823889{margin-top: 0px !important;margin-bottom: 20px !important;}&#8221;][vc_column_text css=&#8221;.vc_custom_1742388930171{padding-top: 35px !important;padding-right: 35px !important;padding-bottom: 35px !important;padding-left: 35px !important;background-color: #f2f2f2 !important;}&#8221;] 1. Ouverture de la session 2. Nomination du Président de la Commission des Finances (C.F. (99)&nbsp;<a href="https://www.unidroit.org/fr/reunions/commission-des-finances/99eme-session-rome-27-mars-2025/">&hellip;</a></p>
