{"id":32704,"date":"2021-07-10T18:38:18","date_gmt":"2021-07-10T16:38:18","guid":{"rendered":"https:\/\/www.unidroit.org\/?page_id=32704"},"modified":"2025-11-04T12:39:09","modified_gmt":"2025-11-04T11:39:09","slug":"d-republique-democratique-du-congo","status":"publish","type":"page","link":"https:\/\/www.unidroit.org\/fr\/instruments\/garanties-internationales\/protocole-aeronautique\/etat\/d-republique-democratique-du-congo\/","title":{"rendered":"D &#8211; R\u00e9publique d\u00e9mocratique du Congo"},"content":{"rendered":"<div class=\"wpb-content-wrapper\"><p>[vc_row][vc_column css=&#8221;.vc_custom_1490017614850{margin-bottom: 30px !important;}&#8221;][vc_custom_heading text=&#8221;D&#8221; font_container=&#8221;tag:h1|text_align:left&#8221; use_theme_fonts=&#8221;yes&#8221; css=&#8221;.vc_custom_1625938548065{margin-top: 0px !important;margin-bottom: 20px !important;}&#8221;][vc_custom_heading text=&#8221;<strong>D\u00c9CLARATIONS SUBS\u00c9QUENTES<\/strong> <strong>D\u00c9POS\u00c9ES PAR LA R\u00c9PUBLIQUE D\u00c9MOCRATIQUE DU CONGO EN VERTU PROTOCOLE A\u00c9RONAUTIQUE<\/strong>&#8221; font_container=&#8221;tag:h4|text_align:left&#8221; use_theme_fonts=&#8221;yes&#8221;][\/vc_column][\/vc_row][vc_row css=&#8221;.vc_custom_1622455036974{background-color: #f2f2f2 !important;}&#8221;][vc_column css=&#8221;.vc_custom_1490017614850{margin-bottom: 30px !important;}&#8221;][vc_column_text css=&#8221;&#8221;]<\/p>\n<p style=\"text-align: center;\"><strong>D\u00c9CLARATIONS SUBS\u00c9QUENTES<\/strong><br \/>\n<strong>D\u00c9POS\u00c9ES PAR LA R\u00c9PUBLIQUE D\u00c9MOCRATIQUE DU CONGO<\/strong><br \/>\n<strong>EN VERTU PROTOCOLE A\u00c9RONAUTIQUE<\/strong><\/p>\n<p>&nbsp;<\/p>\n<p style=\"padding-left: 40px; text-align: justify;\"><span style=\"color: #c20e0e;\">Ces d\u00e9clarations ont \u00e9t\u00e9 notifi\u00e9es \u00e0 UNIDROIT par le Gouvernement de la R\u00e9publique d\u00e9mocratique du Congo en tant que d\u00e9clarations subs\u00e9quentes conform\u00e9ment \u00e0 l\u2019article XXXIII(1) du Protocole a\u00e9ronautique, le 28 avril 2025, et conform\u00e9ment \u00e0 l\u2019article XXXIII(2) du Protocole a\u00e9ronautique elles ont pris effet le 1er novembre 2025<\/span><\/p>\n<p>&nbsp;<\/p>\n<p style=\"text-align: justify;\"><strong>Article XXX(1)<\/strong><\/p>\n<p style=\"text-align: justify;\">La R\u00e9publique d\u00e9mocratique du Congo d\u00e9clare, conform\u00e9ment \u00e0 l\u2019article XXX(1) du Protocole, qu\u2019elle appliquera l\u2019article VIII du Protocole.<\/p>\n<p style=\"text-align: justify;\">La R\u00e9publique d\u00e9mocratique du Congo d\u00e9clare, conform\u00e9ment \u00e0 l&#8217;article XXX(1) du Protocole, qu&#8217;elle appliquera l&#8217;article XII du Protocole.<\/p>\n<p style=\"text-align: justify;\">La R\u00e9publique d\u00e9mocratique du Congo d\u00e9clare, conform\u00e9ment \u00e0 l\u2019article XXX(1) du Protocole, qu\u2019elle appliquera l\u2019article XIII du Protocole.<\/p>\n<p>&nbsp;<\/p>\n<p style=\"text-align: justify;\"><strong>Article XXX(2)<\/strong><\/p>\n<p style=\"text-align: justify;\">La R\u00e9publique d\u00e9mocratique du Congo d\u00e9clare, conform\u00e9ment \u00e0 l&#8217;article XXX(2) du Protocole, qu&#8217;elle appliquera l&#8217;article X du Protocole et, \u00e0 cet effet, \u00ab bref d\u00e9lai \u00bb signifiera le nombre de jours ouvrables (i) pour les recours sp\u00e9cifi\u00e9s aux articles 13(1)(a), (b) et (c) de la Convention, \u00e9gal \u00e0 10 jours ouvrables au plus, et (ii) pour les recours sp\u00e9cifi\u00e9s aux articles 13(1)(d) et (e) de la Convention, \u00e9gal \u00e0 30 jours ouvrables au plus.<\/p>\n<p>&nbsp;<\/p>\n<p style=\"text-align: justify;\"><strong>Article XXX(3)<\/strong><\/p>\n<p style=\"text-align: justify;\">La R\u00e9publique d\u00e9mocratique du Congo d\u00e9clare, conform\u00e9ment \u00e0 l&#8217;article XXX(3) du Protocole, qu&#8217;elle appliquera l&#8217;article XI, Variante A du Protocole dans son int\u00e9gralit\u00e9 \u00e0 tous les types de proc\u00e9dures d&#8217;insolvabilit\u00e9 et \u00e0 toutes les situations d&#8217;insolvabilit\u00e9 et que le d\u00e9lai d&#8217;attente aux fins de l&#8217;article XI(3), Variante A sera de 30 jours ouvrables.<\/p>\n<p>&nbsp;<\/p>\n<p style=\"text-align: center;\">*<\/p>\n<p style=\"text-align: center;\">*\u00a0\u00a0\u00a0\u00a0 *<\/p>\n<p style=\"text-align: center;\"><a href=\"https:\/\/www.unidroit.org\/fr\/instruments\/garanties-internationales\/convention-du-cap\/etats-parties\/d-republique-democratique-du-congo\/\">D\u00e9clarations d\u00e9pos\u00e9es par R\u00e9publique d\u00e9mocratique du Congo en vertu de la Convention du Cap<\/a><\/p>\n<p>&nbsp;<\/p>\n<p>[\/vc_column_text][\/vc_column][\/vc_row][vc_row][vc_column][vc_empty_space height=&#8221;10px&#8221;][\/vc_column][\/vc_row]<\/p>\n<\/div>","protected":false},"excerpt":{"rendered":"<p>[vc_row][vc_column css=&#8221;.vc_custom_1490017614850{margin-bottom: 30px !important;}&#8221;][vc_custom_heading text=&#8221;D&#8221; font_container=&#8221;tag:h1|text_align:left&#8221; use_theme_fonts=&#8221;yes&#8221; css=&#8221;.vc_custom_1625938548065{margin-top: 0px !important;margin-bottom: 20px !important;}&#8221;][vc_custom_heading text=&#8221;D\u00c9CLARATIONS SUBS\u00c9QUENTES D\u00c9POS\u00c9ES PAR LA R\u00c9PUBLIQUE D\u00c9MOCRATIQUE DU CONGO EN VERTU PROTOCOLE A\u00c9RONAUTIQUE&#8221; font_container=&#8221;tag:h4|text_align:left&#8221; use_theme_fonts=&#8221;yes&#8221;][\/vc_column][\/vc_row][vc_row css=&#8221;.vc_custom_1622455036974{background-color: #f2f2f2 !important;}&#8221;][vc_column css=&#8221;.vc_custom_1490017614850{margin-bottom: 30px !important;}&#8221;][vc_column_text css=&#8221;&#8221;] D\u00c9CLARATIONS SUBS\u00c9QUENTES D\u00c9POS\u00c9ES PAR LA R\u00c9PUBLIQUE D\u00c9MOCRATIQUE DU CONGO EN VERTU&nbsp;<a href=\"https:\/\/www.unidroit.org\/fr\/instruments\/garanties-internationales\/protocole-aeronautique\/etat\/d-republique-democratique-du-congo\/\">&hellip;<\/a><\/p>\n","protected":false},"author":19,"featured_media":0,"parent":7387,"menu_order":0,"comment_status":"closed","ping_status":"closed","template":"","meta":{"ep_exclude_from_search":false,"footnotes":""},"class_list":["post-32704","page","type-page","status-publish","format-standard","hentry","odd"],"_links":{"self":[{"href":"https:\/\/www.unidroit.org\/fr\/wp-json\/wp\/v2\/pages\/32704","targetHints":{"allow":["GET"]}}],"collection":[{"href":"https:\/\/www.unidroit.org\/fr\/wp-json\/wp\/v2\/pages"}],"about":[{"href":"https:\/\/www.unidroit.org\/fr\/wp-json\/wp\/v2\/types\/page"}],"author":[{"embeddable":true,"href":"https:\/\/www.unidroit.org\/fr\/wp-json\/wp\/v2\/users\/19"}],"replies":[{"embeddable":true,"href":"https:\/\/www.unidroit.org\/fr\/wp-json\/wp\/v2\/comments?post=32704"}],"version-history":[{"count":7,"href":"https:\/\/www.unidroit.org\/fr\/wp-json\/wp\/v2\/pages\/32704\/revisions"}],"predecessor-version":[{"id":36348,"href":"https:\/\/www.unidroit.org\/fr\/wp-json\/wp\/v2\/pages\/32704\/revisions\/36348"}],"up":[{"embeddable":true,"href":"https:\/\/www.unidroit.org\/fr\/wp-json\/wp\/v2\/pages\/7387"}],"wp:attachment":[{"href":"https:\/\/www.unidroit.org\/fr\/wp-json\/wp\/v2\/media?parent=32704"}],"curies":[{"name":"wp","href":"https:\/\/api.w.org\/{rel}","templated":true}]}}

D &#8211; République démocratique du Congo

<div class="wpb-content-wrapper"><p>[vc_row][vc_column css=&#8221;.vc_custom_1490017614850{margin-bottom: 30px !important;}&#8221;][vc_custom_heading text=&#8221;D&#8221; font_container=&#8221;tag:h1|text_align:left&#8221; use_theme_fonts=&#8221;yes&#8221; css=&#8221;.vc_custom_1625938548065{margin-top: 0px !important;margin-bottom: 20px !important;}&#8221;][vc_custom_heading text=&#8221;<strong>DÉCLARATIONS SUBSÉQUENTES</strong> <strong>DÉPOSÉES PAR LA RÉPUBLIQUE DÉMOCRATIQUE DU CONGO EN VERTU PROTOCOLE AÉRONAUTIQUE</strong>&#8221; font_container=&#8221;tag:h4|text_align:left&#8221; use_theme_fonts=&#8221;yes&#8221;][/vc_column][/vc_row][vc_row css=&#8221;.vc_custom_1622455036974{background-color: #f2f2f2 !important;}&#8221;][vc_column css=&#8221;.vc_custom_1490017614850{margin-bottom: 30px !important;}&#8221;][vc_column_text css=&#8221;&#8221;]</p>
<p style="text-align: center;"><strong>DÉCLARATIONS SUBSÉQUENTES</strong><br />
<strong>DÉPOSÉES PAR LA RÉPUBLIQUE DÉMOCRATIQUE DU CONGO</strong><br />
<strong>EN VERTU PROTOCOLE AÉRONAUTIQUE</strong></p>
<p>&nbsp;</p>
<p style="padding-left: 40px; text-align: justify;"><span style="color: #c20e0e;">Ces déclarations ont été notifiées à UNIDROIT par le Gouvernement de la République démocratique du Congo en tant que déclarations subséquentes conformément à l’article XXXIII(1) du Protocole aéronautique, le 28 avril 2025, et conformément à l’article XXXIII(2) du Protocole aéronautique elles ont pris effet le 1er novembre 2025</span></p>
<p>&nbsp;</p>
<p style="text-align: justify;"><strong>Article XXX(1)</strong></p>
<p style="text-align: justify;">La République démocratique du Congo déclare, conformément à l’article XXX(1) du Protocole, qu’elle appliquera l’article VIII du Protocole.</p>
<p style="text-align: justify;">La République démocratique du Congo déclare, conformément à l&#8217;article XXX(1) du Protocole, qu&#8217;elle appliquera l&#8217;article XII du Protocole.</p>
<p style="text-align: justify;">La République démocratique du Congo déclare, conformément à l’article XXX(1) du Protocole, qu’elle appliquera l’article XIII du Protocole.</p>
<p>&nbsp;</p>
<p style="text-align: justify;"><strong>Article XXX(2)</strong></p>
<p style="text-align: justify;">La République démocratique du Congo déclare, conformément à l&#8217;article XXX(2) du Protocole, qu&#8217;elle appliquera l&#8217;article X du Protocole et, à cet effet, « bref délai » signifiera le nombre de jours ouvrables (i) pour les recours spécifiés aux articles 13(1)(a), (b) et (c) de la Convention, égal à 10 jours ouvrables au plus, et (ii) pour les recours spécifiés aux articles 13(1)(d) et (e) de la Convention, égal à 30 jours ouvrables au plus.</p>
<p>&nbsp;</p>
<p style="text-align: justify;"><strong>Article XXX(3)</strong></p>
<p style="text-align: justify;">La République démocratique du Congo déclare, conformément à l&#8217;article XXX(3) du Protocole, qu&#8217;elle appliquera l&#8217;article XI, Variante A du Protocole dans son intégralité à tous les types de procédures d&#8217;insolvabilité et à toutes les situations d&#8217;insolvabilité et que le délai d&#8217;attente aux fins de l&#8217;article XI(3), Variante A sera de 30 jours ouvrables.</p>
<p>&nbsp;</p>
<p style="text-align: center;">*</p>
<p style="text-align: center;">*     *</p>
<p style="text-align: center;"><a href="https://www.unidroit.org/fr/instruments/garanties-internationales/convention-du-cap/etats-parties/d-republique-democratique-du-congo/">Déclarations déposées par République démocratique du Congo en vertu de la Convention du Cap</a></p>
<p>&nbsp;</p>
<p>[/vc_column_text][/vc_column][/vc_row][vc_row][vc_column][vc_empty_space height=&#8221;10px&#8221;][/vc_column][/vc_row]</p>
</div>

<p>[vc_row][vc_column css=&#8221;.vc_custom_1490017614850{margin-bottom: 30px !important;}&#8221;][vc_custom_heading text=&#8221;D&#8221; font_container=&#8221;tag:h1|text_align:left&#8221; use_theme_fonts=&#8221;yes&#8221; css=&#8221;.vc_custom_1625938548065{margin-top: 0px !important;margin-bottom: 20px !important;}&#8221;][vc_custom_heading text=&#8221;DÉCLARATIONS SUBSÉQUENTES DÉPOSÉES PAR LA RÉPUBLIQUE DÉMOCRATIQUE DU CONGO EN VERTU PROTOCOLE AÉRONAUTIQUE&#8221; font_container=&#8221;tag:h4|text_align:left&#8221; use_theme_fonts=&#8221;yes&#8221;][/vc_column][/vc_row][vc_row css=&#8221;.vc_custom_1622455036974{background-color: #f2f2f2 !important;}&#8221;][vc_column css=&#8221;.vc_custom_1490017614850{margin-bottom: 30px !important;}&#8221;][vc_column_text css=&#8221;&#8221;] DÉCLARATIONS SUBSÉQUENTES DÉPOSÉES PAR LA RÉPUBLIQUE DÉMOCRATIQUE DU CONGO EN VERTU&nbsp;<a href="https://www.unidroit.org/fr/instruments/garanties-internationales/protocole-aeronautique/etat/d-republique-democratique-du-congo/">&hellip;</a></p>
