{"id":4907,"date":"2021-07-27T08:02:35","date_gmt":"2021-07-27T08:02:35","guid":{"rendered":"https:\/\/www.unidroit.org\/?page_id=4907"},"modified":"2021-07-27T08:02:37","modified_gmt":"2021-07-27T08:02:37","slug":"73eme-session-rome-11-decembre-2014","status":"publish","type":"page","link":"https:\/\/www.unidroit.org\/fr\/reunions\/assemblee-generale\/73eme-session-rome-11-decembre-2014\/","title":{"rendered":"73\u00c8ME SESSION (ROME, 11 D\u00c9CEMBRE 2014)"},"content":{"rendered":"<div class=\"wpb-content-wrapper\"><p>[vc_row][vc_column css=&#8221;.vc_custom_1490017614850{margin-bottom: 30px !important;}&#8221;][vc_custom_heading text=&#8221;73\u00c8ME SESSION (ROME, 11 D\u00c9CEMBRE 2014)&#8221; font_container=&#8221;tag:h1|text_align:left&#8221; use_theme_fonts=&#8221;yes&#8221; css=&#8221;.vc_custom_1627372994541{margin-top: 0px !important;margin-bottom: 20px !important;}&#8221;][vc_column_text css=&#8221;.vc_custom_1627373013969{padding-top: 35px !important;padding-right: 35px !important;padding-bottom: 35px !important;padding-left: 35px !important;background-color: #f2f2f2 !important;}&#8221;]<strong>Documents de la 73<sup>\u00e8me<\/sup>\u00a0session de l&#8217;Assembl\u00e9e G\u00e9n\u00e9rale d&#8217;UNIDROIT<br \/>\n(Rome, 11 d\u00e9cembre 2014)<br \/>\n<\/strong><\/p>\n<p>&nbsp;<\/p>\n<p>&nbsp;<\/p>\n<p>&nbsp;<\/p>\n<p><a href=\"https:\/\/www.unidroit.org\/french\/governments\/assemblydocuments\/2014-73session\/ag73-09-f.pdf\">Rapport (A.G. (73) 9)<\/a><\/p>\n<p>&nbsp;<\/p>\n<p>&nbsp;<\/p>\n<p>*<\/p>\n<p>&nbsp;<\/p>\n<p>* \u00a0 \u00a0 \u00a0 \u00a0 \u00a0*<\/p>\n<p>&nbsp;<\/p>\n<p>&nbsp;<\/p>\n<p>&nbsp;<\/p>\n<p>1. Ouverture de la session par le Pr\u00e9sident d\u2019UNIDROIT et par le Pr\u00e9sident de l\u2019Assembl\u00e9e G\u00e9n\u00e9rale pour l\u2019ann\u00e9e 2013-2014\u00a0<a href=\"https:\/\/www.unidroit.org\/french\/governments\/assemblydocuments\/2014-73session\/ag73-01rev-02-f.pdf\">(A.G. (73) 1 r\u00e9v. 2)<\/a><\/p>\n<p>&nbsp;<\/p>\n<p>&nbsp;<\/p>\n<p>2. Nomination du Pr\u00e9sident de l\u2019Assembl\u00e9e G\u00e9n\u00e9rale pour l\u2019ann\u00e9e 2014-2015\u00a0<a href=\"https:\/\/www.unidroit.org\/french\/governments\/assemblydocuments\/2014-73session\/ag73-01rev-02-f.pdf\">(A.G. (73) 1 r\u00e9v. 2)<\/a><\/p>\n<p>&nbsp;<\/p>\n<p>&nbsp;<\/p>\n<p>3. Adoption de l&#8217;ordre du jour\u00a0<a href=\"https:\/\/www.unidroit.org\/french\/governments\/assemblydocuments\/2014-73session\/ag73-01rev-02-f.pdf\">(A.G. (73) 1 r\u00e9v. 2)<\/a><\/p>\n<p>&nbsp;<\/p>\n<p>&nbsp;<\/p>\n<p>4. Expos\u00e9 sur l\u2019activit\u00e9 de l\u2019Organisation en 2014\u00a0<a href=\"https:\/\/www.unidroit.org\/french\/governments\/assemblydocuments\/2014-73session\/ag73-02-f.pdf\">(A.G. (73) 2)<\/a><\/p>\n<p>&nbsp;<\/p>\n<p>&nbsp;<\/p>\n<p>5. Rapport de la Commission des Finances sur sa 76\u00e8me session\u00a0<a href=\"https:\/\/www.unidroit.org\/french\/governments\/financecommitteedocuments\/2014-76session\/fc-76-08-f.pdf\">(F.C. (76) 8)<\/a>\u00a0et reconduction des membres de la Commission des Finances\u00a0<a href=\"https:\/\/www.unidroit.org\/french\/governments\/assemblydocuments\/2014-73session\/ag73-01rev-02-f.pdf\">(A.G. (73) 1 r\u00e9v. 2)<\/a><\/p>\n<p>&nbsp;<\/p>\n<p>&nbsp;<\/p>\n<p>6. Modifications d\u00e9finitives du Budget et approbation des Comptes pour l\u2019exercice financier 2013\u00a0<a href=\"https:\/\/www.unidroit.org\/french\/governments\/assemblydocuments\/2014-73session\/ag73-03-f.pdf\">(A.G. (73) 3)<\/a><\/p>\n<p>[document connexe:<br \/>\n&#8211;\u00a0<a href=\"https:\/\/www.unidroit.org\/french\/governments\/assemblydocuments\/2014-73session\/accounts-2013-f.pdf\">UNIDROIT 2014 &#8211; Comptes des recettes et des d\u00e9penses pour l\u2019exercice financier 2013<\/a><\/p>\n<p>&nbsp;<\/p>\n<p>&nbsp;<\/p>\n<p>7. Ajustements au Budget de l\u2019exercice financier 2014\u00a0<a href=\"https:\/\/www.unidroit.org\/french\/governments\/assemblydocuments\/2014-73session\/ag73-04-f.pdf\">(A.G. (73) 4)<\/a><\/p>\n<p>[documents connexes:<br \/>\n&#8211;\u00a0<a href=\"https:\/\/www.unidroit.org\/french\/governments\/assemblydocuments\/2014-73session\/budget-2014-f.pdf\">UNIDROIT 2013 &#8211; Budget 2014<\/a><br \/>\n&#8211;\u00a0<a href=\"https:\/\/www.unidroit.org\/french\/governments\/assemblydocuments\/2014-73session\/accounts-2013-f.pdf\">UNIDROIT 2014 &#8211; Comptes des recettes et des d\u00e9penses pour l\u2019exercice financier 2013<\/a><br \/>\n&#8211;\u00a0<a href=\"https:\/\/www.unidroit.org\/french\/governments\/financecommitteedocuments\/2014-76session\/fc-76-03-f.pdf\">UNIDROIT 2014 &#8211; (F.C. (76) 3)<\/a><\/p>\n<p>&nbsp;<\/p>\n<p>&nbsp;<\/p>\n<p>8. Arri\u00e9r\u00e9s de contributions des Etats membres\u00a0<a href=\"https:\/\/www.unidroit.org\/french\/governments\/assemblydocuments\/2014-73session\/ag73-05-f.pdf\">(A.G. (73) 5)<\/a><\/p>\n<p>&nbsp;<\/p>\n<p>&nbsp;<\/p>\n<p>9. Approbation du projet de Budget pour 2015 et fixation des contributions des Etats<br \/>\nmembres pour cet exercice financier\u00a0<a href=\"https:\/\/www.unidroit.org\/french\/governments\/assemblydocuments\/2014-73session\/ag73-06-f.pdf\">(A.G. (73) 6)<\/a><\/p>\n<p>[document connexe:<br \/>\n&#8211;\u00a0<a href=\"https:\/\/www.unidroit.org\/french\/governments\/financecommitteedocuments\/2014-76session\/fc-76-06-f.pdf\">UNIDROIT 2014 &#8211; (F.C. (76) 6)<\/a><\/p>\n<p>&nbsp;<\/p>\n<p>&nbsp;<\/p>\n<p>10. Nomination des membres du Tribunal administratif\u00a0<a href=\"https:\/\/www.unidroit.org\/french\/governments\/assemblydocuments\/2014-73session\/ag73-07-f.pdf\">(A.G. (73) 7)(A.G. (73) 7)<\/a><\/p>\n<p>&nbsp;<\/p>\n<p>&nbsp;<\/p>\n<p>11. Nomination du Commissaire au comptes\u00a0<a href=\"https:\/\/www.unidroit.org\/french\/governments\/assemblydocuments\/2014-73session\/ag73-08-f.pdf\">(A.G. (73) 8)<\/a><\/p>\n<p>&nbsp;<\/p>\n<p>&nbsp;<\/p>\n<p>12. Divers\u00a0<a href=\"https:\/\/www.unidroit.org\/french\/governments\/assemblydocuments\/2014-73session\/ag73-01rev-02-f.pdf\">(A.G. (73) 1 r\u00e9v. 2)<\/a>[\/vc_column_text][\/vc_column][\/vc_row]<\/p>\n<\/div>","protected":false},"excerpt":{"rendered":"<p>[vc_row][vc_column css=&#8221;.vc_custom_1490017614850{margin-bottom: 30px !important;}&#8221;][vc_custom_heading text=&#8221;73\u00c8ME SESSION (ROME, 11 D\u00c9CEMBRE 2014)&#8221; font_container=&#8221;tag:h1|text_align:left&#8221; use_theme_fonts=&#8221;yes&#8221; css=&#8221;.vc_custom_1627372994541{margin-top: 0px !important;margin-bottom: 20px !important;}&#8221;][vc_column_text css=&#8221;.vc_custom_1627373013969{padding-top: 35px !important;padding-right: 35px !important;padding-bottom: 35px !important;padding-left: 35px !important;background-color: #f2f2f2 !important;}&#8221;]Documents de la 73\u00e8me\u00a0session de l&#8217;Assembl\u00e9e G\u00e9n\u00e9rale d&#8217;UNIDROIT (Rome, 11 d\u00e9cembre 2014) &nbsp; &nbsp; &nbsp; Rapport (A.G. (73)&nbsp;<a href=\"https:\/\/www.unidroit.org\/fr\/reunions\/assemblee-generale\/73eme-session-rome-11-decembre-2014\/\">&hellip;<\/a><\/p>\n","protected":false},"author":20,"featured_media":0,"parent":4888,"menu_order":0,"comment_status":"closed","ping_status":"closed","template":"","meta":{"ep_exclude_from_search":false,"footnotes":""},"class_list":["post-4907","page","type-page","status-publish","format-standard","hentry","odd"],"_links":{"self":[{"href":"https:\/\/www.unidroit.org\/fr\/wp-json\/wp\/v2\/pages\/4907","targetHints":{"allow":["GET"]}}],"collection":[{"href":"https:\/\/www.unidroit.org\/fr\/wp-json\/wp\/v2\/pages"}],"about":[{"href":"https:\/\/www.unidroit.org\/fr\/wp-json\/wp\/v2\/types\/page"}],"author":[{"embeddable":true,"href":"https:\/\/www.unidroit.org\/fr\/wp-json\/wp\/v2\/users\/20"}],"replies":[{"embeddable":true,"href":"https:\/\/www.unidroit.org\/fr\/wp-json\/wp\/v2\/comments?post=4907"}],"version-history":[{"count":0,"href":"https:\/\/www.unidroit.org\/fr\/wp-json\/wp\/v2\/pages\/4907\/revisions"}],"up":[{"embeddable":true,"href":"https:\/\/www.unidroit.org\/fr\/wp-json\/wp\/v2\/pages\/4888"}],"wp:attachment":[{"href":"https:\/\/www.unidroit.org\/fr\/wp-json\/wp\/v2\/media?parent=4907"}],"curies":[{"name":"wp","href":"https:\/\/api.w.org\/{rel}","templated":true}]}}

73ÈME SESSION (ROME, 11 DÉCEMBRE 2014)

<div class="wpb-content-wrapper"><p>[vc_row][vc_column css=&#8221;.vc_custom_1490017614850{margin-bottom: 30px !important;}&#8221;][vc_custom_heading text=&#8221;73ÈME SESSION (ROME, 11 DÉCEMBRE 2014)&#8221; font_container=&#8221;tag:h1|text_align:left&#8221; use_theme_fonts=&#8221;yes&#8221; css=&#8221;.vc_custom_1627372994541{margin-top: 0px !important;margin-bottom: 20px !important;}&#8221;][vc_column_text css=&#8221;.vc_custom_1627373013969{padding-top: 35px !important;padding-right: 35px !important;padding-bottom: 35px !important;padding-left: 35px !important;background-color: #f2f2f2 !important;}&#8221;]<strong>Documents de la 73<sup>ème</sup> session de l&#8217;Assemblée Générale d&#8217;UNIDROIT<br />
(Rome, 11 décembre 2014)<br />
</strong></p>
<p>&nbsp;</p>
<p>&nbsp;</p>
<p>&nbsp;</p>
<p><a href="https://www.unidroit.org/french/governments/assemblydocuments/2014-73session/ag73-09-f.pdf">Rapport (A.G. (73) 9)</a></p>
<p>&nbsp;</p>
<p>&nbsp;</p>
<p>*</p>
<p>&nbsp;</p>
<p>*          *</p>
<p>&nbsp;</p>
<p>&nbsp;</p>
<p>&nbsp;</p>
<p>1. Ouverture de la session par le Président d’UNIDROIT et par le Président de l’Assemblée Générale pour l’année 2013-2014 <a href="https://www.unidroit.org/french/governments/assemblydocuments/2014-73session/ag73-01rev-02-f.pdf">(A.G. (73) 1 rév. 2)</a></p>
<p>&nbsp;</p>
<p>&nbsp;</p>
<p>2. Nomination du Président de l’Assemblée Générale pour l’année 2014-2015 <a href="https://www.unidroit.org/french/governments/assemblydocuments/2014-73session/ag73-01rev-02-f.pdf">(A.G. (73) 1 rév. 2)</a></p>
<p>&nbsp;</p>
<p>&nbsp;</p>
<p>3. Adoption de l&#8217;ordre du jour <a href="https://www.unidroit.org/french/governments/assemblydocuments/2014-73session/ag73-01rev-02-f.pdf">(A.G. (73) 1 rév. 2)</a></p>
<p>&nbsp;</p>
<p>&nbsp;</p>
<p>4. Exposé sur l’activité de l’Organisation en 2014 <a href="https://www.unidroit.org/french/governments/assemblydocuments/2014-73session/ag73-02-f.pdf">(A.G. (73) 2)</a></p>
<p>&nbsp;</p>
<p>&nbsp;</p>
<p>5. Rapport de la Commission des Finances sur sa 76ème session <a href="https://www.unidroit.org/french/governments/financecommitteedocuments/2014-76session/fc-76-08-f.pdf">(F.C. (76) 8)</a> et reconduction des membres de la Commission des Finances <a href="https://www.unidroit.org/french/governments/assemblydocuments/2014-73session/ag73-01rev-02-f.pdf">(A.G. (73) 1 rév. 2)</a></p>
<p>&nbsp;</p>
<p>&nbsp;</p>
<p>6. Modifications définitives du Budget et approbation des Comptes pour l’exercice financier 2013 <a href="https://www.unidroit.org/french/governments/assemblydocuments/2014-73session/ag73-03-f.pdf">(A.G. (73) 3)</a></p>
<p>[document connexe:<br />
&#8211; <a href="https://www.unidroit.org/french/governments/assemblydocuments/2014-73session/accounts-2013-f.pdf">UNIDROIT 2014 &#8211; Comptes des recettes et des dépenses pour l’exercice financier 2013</a></p>
<p>&nbsp;</p>
<p>&nbsp;</p>
<p>7. Ajustements au Budget de l’exercice financier 2014 <a href="https://www.unidroit.org/french/governments/assemblydocuments/2014-73session/ag73-04-f.pdf">(A.G. (73) 4)</a></p>
<p>[documents connexes:<br />
&#8211; <a href="https://www.unidroit.org/french/governments/assemblydocuments/2014-73session/budget-2014-f.pdf">UNIDROIT 2013 &#8211; Budget 2014</a><br />
&#8211; <a href="https://www.unidroit.org/french/governments/assemblydocuments/2014-73session/accounts-2013-f.pdf">UNIDROIT 2014 &#8211; Comptes des recettes et des dépenses pour l’exercice financier 2013</a><br />
&#8211; <a href="https://www.unidroit.org/french/governments/financecommitteedocuments/2014-76session/fc-76-03-f.pdf">UNIDROIT 2014 &#8211; (F.C. (76) 3)</a></p>
<p>&nbsp;</p>
<p>&nbsp;</p>
<p>8. Arriérés de contributions des Etats membres <a href="https://www.unidroit.org/french/governments/assemblydocuments/2014-73session/ag73-05-f.pdf">(A.G. (73) 5)</a></p>
<p>&nbsp;</p>
<p>&nbsp;</p>
<p>9. Approbation du projet de Budget pour 2015 et fixation des contributions des Etats<br />
membres pour cet exercice financier <a href="https://www.unidroit.org/french/governments/assemblydocuments/2014-73session/ag73-06-f.pdf">(A.G. (73) 6)</a></p>
<p>[document connexe:<br />
&#8211; <a href="https://www.unidroit.org/french/governments/financecommitteedocuments/2014-76session/fc-76-06-f.pdf">UNIDROIT 2014 &#8211; (F.C. (76) 6)</a></p>
<p>&nbsp;</p>
<p>&nbsp;</p>
<p>10. Nomination des membres du Tribunal administratif <a href="https://www.unidroit.org/french/governments/assemblydocuments/2014-73session/ag73-07-f.pdf">(A.G. (73) 7)(A.G. (73) 7)</a></p>
<p>&nbsp;</p>
<p>&nbsp;</p>
<p>11. Nomination du Commissaire au comptes <a href="https://www.unidroit.org/french/governments/assemblydocuments/2014-73session/ag73-08-f.pdf">(A.G. (73) 8)</a></p>
<p>&nbsp;</p>
<p>&nbsp;</p>
<p>12. Divers <a href="https://www.unidroit.org/french/governments/assemblydocuments/2014-73session/ag73-01rev-02-f.pdf">(A.G. (73) 1 rév. 2)</a>[/vc_column_text][/vc_column][/vc_row]</p>
</div>

<p>[vc_row][vc_column css=&#8221;.vc_custom_1490017614850{margin-bottom: 30px !important;}&#8221;][vc_custom_heading text=&#8221;73ÈME SESSION (ROME, 11 DÉCEMBRE 2014)&#8221; font_container=&#8221;tag:h1|text_align:left&#8221; use_theme_fonts=&#8221;yes&#8221; css=&#8221;.vc_custom_1627372994541{margin-top: 0px !important;margin-bottom: 20px !important;}&#8221;][vc_column_text css=&#8221;.vc_custom_1627373013969{padding-top: 35px !important;padding-right: 35px !important;padding-bottom: 35px !important;padding-left: 35px !important;background-color: #f2f2f2 !important;}&#8221;]Documents de la 73ème session de l&#8217;Assemblée Générale d&#8217;UNIDROIT (Rome, 11 décembre 2014) &nbsp; &nbsp; &nbsp; Rapport (A.G. (73)&nbsp;<a href="https://www.unidroit.org/fr/reunions/assemblee-generale/73eme-session-rome-11-decembre-2014/">&hellip;</a></p>
