{"id":4913,"date":"2021-07-27T08:05:34","date_gmt":"2021-07-27T08:05:34","guid":{"rendered":"https:\/\/www.unidroit.org\/?page_id=4913"},"modified":"2021-07-27T08:05:36","modified_gmt":"2021-07-27T08:05:36","slug":"71eme-session-rome-29-novembre-2012","status":"publish","type":"page","link":"https:\/\/www.unidroit.org\/fr\/reunions\/assemblee-generale\/71eme-session-rome-29-novembre-2012\/","title":{"rendered":"71\u00c8ME SESSION (ROME, 29 NOVEMBRE 2012)"},"content":{"rendered":"<div class=\"wpb-content-wrapper\"><p>[vc_row][vc_column css=&#8221;.vc_custom_1490017614850{margin-bottom: 30px !important;}&#8221;][vc_custom_heading text=&#8221;71\u00c8ME SESSION (ROME, 29 NOVEMBRE 2012)<br \/>\n&#8221; font_container=&#8221;tag:h1|text_align:left&#8221; use_theme_fonts=&#8221;yes&#8221; css=&#8221;.vc_custom_1627373173100{margin-top: 0px !important;margin-bottom: 20px !important;}&#8221;][vc_column_text css=&#8221;.vc_custom_1627373193289{padding-top: 35px !important;padding-right: 35px !important;padding-bottom: 35px !important;padding-left: 35px !important;background-color: #f2f2f2 !important;}&#8221;]<strong>Documents de la 71<sup>\u00e8me<\/sup>\u00a0session de l&#8217;Assembl\u00e9e G\u00e9n\u00e9rale d&#8217;UNIDROIT<br \/>\n(Rome, 29 novembre 2012)<br \/>\n<\/strong><\/p>\n<p>&nbsp;<\/p>\n<p>&nbsp;<\/p>\n<p><a href=\"https:\/\/www.unidroit.org\/french\/governments\/assemblydocuments\/2012-71session\/ag71-misc01-f.pdf\">Conclusions sommaires (A.G. (71) Misc. 1)<\/a>\u00a0 \u00a0 \u00a0 \u00a0 \u00a0\u00a0<a href=\"https:\/\/www.unidroit.org\/french\/governments\/assemblydocuments\/2012-71session\/ag71-10-f.pdf\">Rapport (A.G. (71) 10)<\/a><\/p>\n<p>&nbsp;<\/p>\n<p>*<\/p>\n<p>&nbsp;<\/p>\n<p>* \u00a0 \u00a0 \u00a0 \u00a0 \u00a0*<\/p>\n<p>&nbsp;<\/p>\n<p>1. Ouverture de la session par le Pr\u00e9sident d\u2019UNIDROIT et par le Pr\u00e9sident de l\u2019Assembl\u00e9e G\u00e9n\u00e9rale pour l\u2019ann\u00e9e 2011-2012<\/p>\n<p>&nbsp;<\/p>\n<p>&nbsp;<\/p>\n<p>2. Nomination du Pr\u00e9sident de l\u2019Assembl\u00e9e G\u00e9n\u00e9rale pour l\u2019ann\u00e9e 2012-2013<\/p>\n<p>&nbsp;<\/p>\n<p>&nbsp;<\/p>\n<p>3.\u00a0<a href=\"https:\/\/www.unidroit.org\/french\/governments\/assemblydocuments\/2012-71session\/ag71-01rev02-f.pdf\">Ordre du jour annot\u00e9 (A.G. (71) 1 r\u00e9v. 2)<\/a><\/p>\n<p>&nbsp;<\/p>\n<p>&nbsp;<\/p>\n<p>4. \u00a0<a href=\"https:\/\/www.unidroit.org\/french\/governments\/assemblydocuments\/2012-71session\/ag71-02-f.pdf\">Activit\u00e9 de l\u2019Organisation en 2012\u00a0(A.G. (71) 2)<\/a><\/p>\n<p>&nbsp;<\/p>\n<p>&nbsp;<\/p>\n<p>5.\u00a0<a href=\"https:\/\/www.unidroit.org\/french\/governments\/financecommitteedocuments\/2012-09session\/fc72-10-f.pdf\">Rapport de la Commission des Finances sur sa 72\u00e8me session\u00a0(AG\/Comm. Finances (72) 10)<\/a><\/p>\n<p>&nbsp;<\/p>\n<p>&nbsp;<\/p>\n<p>6.\u00a0<a href=\"https:\/\/www.unidroit.org\/french\/governments\/assemblydocuments\/2012-71session\/ag71-03-f.pdf\">Modifications d\u00e9finitives du Budget et approbation des Comptes pour l\u2019exercice financier 2011 (A.G. (71) 3)<\/a><\/p>\n<p>&nbsp;<\/p>\n<p>&nbsp;<\/p>\n<p>7.\u00a0<a href=\"https:\/\/www.unidroit.org\/french\/governments\/assemblydocuments\/2012-71session\/ag71-04-f.pdf\">Ajustements au Budget de l\u2019exercice financier 2012 (A.G. (71) 4)<\/a><\/p>\n<p>&nbsp;<\/p>\n<p>&nbsp;<\/p>\n<p>8.\u00a0<a href=\"https:\/\/www.unidroit.org\/french\/governments\/assemblydocuments\/2012-71session\/ag71-05rev-f.pdf\">Arri\u00e9r\u00e9s de contributions des Etats membres (A.G. (71) 5 r\u00e9v.)<\/a><\/p>\n<p>&nbsp;<\/p>\n<p>&nbsp;<\/p>\n<p>9.\u00a0<a href=\"https:\/\/www.unidroit.org\/french\/governments\/assemblydocuments\/2012-71session\/ag71-06-f.pdf\">Situation financi\u00e8re des Etats membres inactifs\u00a0(A.G. (71) 6)<\/a><\/p>\n<p>&nbsp;<\/p>\n<p>&nbsp;<\/p>\n<p>10.\u00a0<a href=\"https:\/\/www.unidroit.org\/french\/governments\/assemblydocuments\/2012-71session\/ag71-07-f.pdf\">Classement des Etats membres dans le tableau des contributions d\u2019UNIDROIT\u00a0(A.G. (71) 7)<\/a><\/p>\n<p>&nbsp;<\/p>\n<p>&nbsp;<\/p>\n<p>11.\u00a0<a href=\"https:\/\/www.unidroit.org\/french\/governments\/assemblydocuments\/2012-71session\/ag71-08-f.pdf\">Approbation du projet de Budget pour 2013 et fixation des contributions des Etats membres pour cet exercice financier (A.G. (71) 8)<\/a><\/p>\n<p>&nbsp;<\/p>\n<p>&nbsp;<\/p>\n<p>12. \u00a0<a href=\"https:\/\/www.unidroit.org\/french\/governments\/assemblydocuments\/2012-71session\/ag71-09-f.pdf\">Projet d\u2019amendements au R\u00e8glement d\u2019UNIDROIT sur les questions financi\u00e8res (A.G. (71) 9<\/a>\u00a0et\u00a0<a href=\"https:\/\/www.unidroit.org\/french\/governments\/assemblydocuments\/2012-71session\/ag71-09add-f.pdf\">A.G. (71) 9 Add.)<\/a><\/p>\n<p>&nbsp;<\/p>\n<p>&nbsp;<\/p>\n<p>13.\u00a0<a href=\"https:\/\/www.unidroit.org\/french\/governments\/assemblydocuments\/2012-71session\/ag71-01rev02-f.pdf\">P\u00e9riodicit\u00e9 des sessions de l\u2019Assembl\u00e9e G\u00e9n\u00e9rale (A.G. (71) 1 r\u00e9v. 2)<\/a><\/p>\n<p>&nbsp;<\/p>\n<p>&nbsp;<\/p>\n<p>14.\u00a0<a href=\"https:\/\/www.unidroit.org\/french\/governments\/assemblydocuments\/2012-71session\/ag71-01rev02-f.pdf\">Demande d\u2019UNIDROIT en vue d\u2019obtenir le statut d\u2019observateur aupr\u00e8s de l\u2019Organisation des Nations Unies\u00a0(A.G. (71) 1 r\u00e9v. 2)<\/a><\/p>\n<p>&nbsp;<\/p>\n<p>&nbsp;<\/p>\n<p>15. Divers.<\/p>\n<p>&nbsp;<\/p>\n<p><a href=\"https:\/\/www.unidroit.org\/french\/governments\/assemblydocuments\/2012-71session\/ag71-inf01-f.pdf\">UNIDROIT 2012 &#8211; A.G. (71) Inf. 1<\/a><br \/>\nRapport de la Conf\u00e9rence diplomatique pour l&#8217;adoption du projet de Protocole portant sur les questions sp\u00e9cifiques aux biens spatiaux \u00e0 la Convention relative aux garanties internationales portant sur des mat\u00e9riels d\u2019\u00e9quipement mobiles (Berlin, 27 f\u00e9vrier \/ 9 mars 2012)<\/p>\n<p>&nbsp;<\/p>\n<p><a href=\"https:\/\/www.unidroit.org\/french\/governments\/assemblydocuments\/2012-71session\/ag71-inf02-f.pdf\">UNIDROIT 2012 &#8211; A.G. (71) Inf. 2<\/a><\/p>\n<p>91\u00e8me session du Conseil de Direction (Rome, 7-9-mai 2012). Point No. 15 de l\u2019ordre du jour: Plan strat\u00e9gique (C.D. (91) 12)<\/p>\n<p>&nbsp;<\/p>\n<p><a href=\"https:\/\/www.unidroit.org\/french\/governments\/assemblydocuments\/2012-71session\/ag71-inf03-f.pdf\">UNIDROIT 2012 &#8211; A.G. (71) Inf. 3<\/a><\/p>\n<p>Acte final[\/vc_column_text][\/vc_column][\/vc_row]<\/p>\n<\/div>","protected":false},"excerpt":{"rendered":"<p>[vc_row][vc_column css=&#8221;.vc_custom_1490017614850{margin-bottom: 30px !important;}&#8221;][vc_custom_heading text=&#8221;71\u00c8ME SESSION (ROME, 29 NOVEMBRE 2012) &#8221; font_container=&#8221;tag:h1|text_align:left&#8221; use_theme_fonts=&#8221;yes&#8221; css=&#8221;.vc_custom_1627373173100{margin-top: 0px !important;margin-bottom: 20px !important;}&#8221;][vc_column_text css=&#8221;.vc_custom_1627373193289{padding-top: 35px !important;padding-right: 35px !important;padding-bottom: 35px !important;padding-left: 35px !important;background-color: #f2f2f2 !important;}&#8221;]Documents de la 71\u00e8me\u00a0session de l&#8217;Assembl\u00e9e G\u00e9n\u00e9rale d&#8217;UNIDROIT (Rome, 29 novembre 2012) &nbsp; &nbsp; Conclusions sommaires (A.G.&nbsp;<a href=\"https:\/\/www.unidroit.org\/fr\/reunions\/assemblee-generale\/71eme-session-rome-29-novembre-2012\/\">&hellip;<\/a><\/p>\n","protected":false},"author":20,"featured_media":0,"parent":4888,"menu_order":0,"comment_status":"closed","ping_status":"closed","template":"","meta":{"ep_exclude_from_search":false,"footnotes":""},"class_list":["post-4913","page","type-page","status-publish","format-standard","hentry","odd"],"_links":{"self":[{"href":"https:\/\/www.unidroit.org\/fr\/wp-json\/wp\/v2\/pages\/4913","targetHints":{"allow":["GET"]}}],"collection":[{"href":"https:\/\/www.unidroit.org\/fr\/wp-json\/wp\/v2\/pages"}],"about":[{"href":"https:\/\/www.unidroit.org\/fr\/wp-json\/wp\/v2\/types\/page"}],"author":[{"embeddable":true,"href":"https:\/\/www.unidroit.org\/fr\/wp-json\/wp\/v2\/users\/20"}],"replies":[{"embeddable":true,"href":"https:\/\/www.unidroit.org\/fr\/wp-json\/wp\/v2\/comments?post=4913"}],"version-history":[{"count":0,"href":"https:\/\/www.unidroit.org\/fr\/wp-json\/wp\/v2\/pages\/4913\/revisions"}],"up":[{"embeddable":true,"href":"https:\/\/www.unidroit.org\/fr\/wp-json\/wp\/v2\/pages\/4888"}],"wp:attachment":[{"href":"https:\/\/www.unidroit.org\/fr\/wp-json\/wp\/v2\/media?parent=4913"}],"curies":[{"name":"wp","href":"https:\/\/api.w.org\/{rel}","templated":true}]}}

71ÈME SESSION (ROME, 29 NOVEMBRE 2012)

<div class="wpb-content-wrapper"><p>[vc_row][vc_column css=&#8221;.vc_custom_1490017614850{margin-bottom: 30px !important;}&#8221;][vc_custom_heading text=&#8221;71ÈME SESSION (ROME, 29 NOVEMBRE 2012)<br />
&#8221; font_container=&#8221;tag:h1|text_align:left&#8221; use_theme_fonts=&#8221;yes&#8221; css=&#8221;.vc_custom_1627373173100{margin-top: 0px !important;margin-bottom: 20px !important;}&#8221;][vc_column_text css=&#8221;.vc_custom_1627373193289{padding-top: 35px !important;padding-right: 35px !important;padding-bottom: 35px !important;padding-left: 35px !important;background-color: #f2f2f2 !important;}&#8221;]<strong>Documents de la 71<sup>ème</sup> session de l&#8217;Assemblée Générale d&#8217;UNIDROIT<br />
(Rome, 29 novembre 2012)<br />
</strong></p>
<p>&nbsp;</p>
<p>&nbsp;</p>
<p><a href="https://www.unidroit.org/french/governments/assemblydocuments/2012-71session/ag71-misc01-f.pdf">Conclusions sommaires (A.G. (71) Misc. 1)</a>          <a href="https://www.unidroit.org/french/governments/assemblydocuments/2012-71session/ag71-10-f.pdf">Rapport (A.G. (71) 10)</a></p>
<p>&nbsp;</p>
<p>*</p>
<p>&nbsp;</p>
<p>*          *</p>
<p>&nbsp;</p>
<p>1. Ouverture de la session par le Président d’UNIDROIT et par le Président de l’Assemblée Générale pour l’année 2011-2012</p>
<p>&nbsp;</p>
<p>&nbsp;</p>
<p>2. Nomination du Président de l’Assemblée Générale pour l’année 2012-2013</p>
<p>&nbsp;</p>
<p>&nbsp;</p>
<p>3. <a href="https://www.unidroit.org/french/governments/assemblydocuments/2012-71session/ag71-01rev02-f.pdf">Ordre du jour annoté (A.G. (71) 1 rév. 2)</a></p>
<p>&nbsp;</p>
<p>&nbsp;</p>
<p>4.  <a href="https://www.unidroit.org/french/governments/assemblydocuments/2012-71session/ag71-02-f.pdf">Activité de l’Organisation en 2012 (A.G. (71) 2)</a></p>
<p>&nbsp;</p>
<p>&nbsp;</p>
<p>5. <a href="https://www.unidroit.org/french/governments/financecommitteedocuments/2012-09session/fc72-10-f.pdf">Rapport de la Commission des Finances sur sa 72ème session (AG/Comm. Finances (72) 10)</a></p>
<p>&nbsp;</p>
<p>&nbsp;</p>
<p>6. <a href="https://www.unidroit.org/french/governments/assemblydocuments/2012-71session/ag71-03-f.pdf">Modifications définitives du Budget et approbation des Comptes pour l’exercice financier 2011 (A.G. (71) 3)</a></p>
<p>&nbsp;</p>
<p>&nbsp;</p>
<p>7. <a href="https://www.unidroit.org/french/governments/assemblydocuments/2012-71session/ag71-04-f.pdf">Ajustements au Budget de l’exercice financier 2012 (A.G. (71) 4)</a></p>
<p>&nbsp;</p>
<p>&nbsp;</p>
<p>8. <a href="https://www.unidroit.org/french/governments/assemblydocuments/2012-71session/ag71-05rev-f.pdf">Arriérés de contributions des Etats membres (A.G. (71) 5 rév.)</a></p>
<p>&nbsp;</p>
<p>&nbsp;</p>
<p>9. <a href="https://www.unidroit.org/french/governments/assemblydocuments/2012-71session/ag71-06-f.pdf">Situation financière des Etats membres inactifs (A.G. (71) 6)</a></p>
<p>&nbsp;</p>
<p>&nbsp;</p>
<p>10. <a href="https://www.unidroit.org/french/governments/assemblydocuments/2012-71session/ag71-07-f.pdf">Classement des Etats membres dans le tableau des contributions d’UNIDROIT (A.G. (71) 7)</a></p>
<p>&nbsp;</p>
<p>&nbsp;</p>
<p>11. <a href="https://www.unidroit.org/french/governments/assemblydocuments/2012-71session/ag71-08-f.pdf">Approbation du projet de Budget pour 2013 et fixation des contributions des Etats membres pour cet exercice financier (A.G. (71) 8)</a></p>
<p>&nbsp;</p>
<p>&nbsp;</p>
<p>12.  <a href="https://www.unidroit.org/french/governments/assemblydocuments/2012-71session/ag71-09-f.pdf">Projet d’amendements au Règlement d’UNIDROIT sur les questions financières (A.G. (71) 9</a> et <a href="https://www.unidroit.org/french/governments/assemblydocuments/2012-71session/ag71-09add-f.pdf">A.G. (71) 9 Add.)</a></p>
<p>&nbsp;</p>
<p>&nbsp;</p>
<p>13. <a href="https://www.unidroit.org/french/governments/assemblydocuments/2012-71session/ag71-01rev02-f.pdf">Périodicité des sessions de l’Assemblée Générale (A.G. (71) 1 rév. 2)</a></p>
<p>&nbsp;</p>
<p>&nbsp;</p>
<p>14. <a href="https://www.unidroit.org/french/governments/assemblydocuments/2012-71session/ag71-01rev02-f.pdf">Demande d’UNIDROIT en vue d’obtenir le statut d’observateur auprès de l’Organisation des Nations Unies (A.G. (71) 1 rév. 2)</a></p>
<p>&nbsp;</p>
<p>&nbsp;</p>
<p>15. Divers.</p>
<p>&nbsp;</p>
<p><a href="https://www.unidroit.org/french/governments/assemblydocuments/2012-71session/ag71-inf01-f.pdf">UNIDROIT 2012 &#8211; A.G. (71) Inf. 1</a><br />
Rapport de la Conférence diplomatique pour l&#8217;adoption du projet de Protocole portant sur les questions spécifiques aux biens spatiaux à la Convention relative aux garanties internationales portant sur des matériels d’équipement mobiles (Berlin, 27 février / 9 mars 2012)</p>
<p>&nbsp;</p>
<p><a href="https://www.unidroit.org/french/governments/assemblydocuments/2012-71session/ag71-inf02-f.pdf">UNIDROIT 2012 &#8211; A.G. (71) Inf. 2</a></p>
<p>91ème session du Conseil de Direction (Rome, 7-9-mai 2012). Point No. 15 de l’ordre du jour: Plan stratégique (C.D. (91) 12)</p>
<p>&nbsp;</p>
<p><a href="https://www.unidroit.org/french/governments/assemblydocuments/2012-71session/ag71-inf03-f.pdf">UNIDROIT 2012 &#8211; A.G. (71) Inf. 3</a></p>
<p>Acte final[/vc_column_text][/vc_column][/vc_row]</p>
</div>

<p>[vc_row][vc_column css=&#8221;.vc_custom_1490017614850{margin-bottom: 30px !important;}&#8221;][vc_custom_heading text=&#8221;71ÈME SESSION (ROME, 29 NOVEMBRE 2012) &#8221; font_container=&#8221;tag:h1|text_align:left&#8221; use_theme_fonts=&#8221;yes&#8221; css=&#8221;.vc_custom_1627373173100{margin-top: 0px !important;margin-bottom: 20px !important;}&#8221;][vc_column_text css=&#8221;.vc_custom_1627373193289{padding-top: 35px !important;padding-right: 35px !important;padding-bottom: 35px !important;padding-left: 35px !important;background-color: #f2f2f2 !important;}&#8221;]Documents de la 71ème session de l&#8217;Assemblée Générale d&#8217;UNIDROIT (Rome, 29 novembre 2012) &nbsp; &nbsp; Conclusions sommaires (A.G.&nbsp;<a href="https://www.unidroit.org/fr/reunions/assemblee-generale/71eme-session-rome-29-novembre-2012/">&hellip;</a></p>
