{"id":13568,"date":"2022-03-22T18:31:42","date_gmt":"2022-03-22T17:31:42","guid":{"rendered":"https:\/\/www.unidroit.org\/event\/solicitation-conference-for-the-request-for-proposals-for-the-international-registry-for-mac-equipment\/"},"modified":"2022-03-23T10:21:42","modified_gmt":"2022-03-23T09:21:42","slug":"conference-de-sollicitation-pour-la-demande-de-propositions-pour-le-registre-international-portant-sur-les-materiels-dequipement-mac","status":"publish","type":"tribe_events","link":"https:\/\/www.unidroit.org\/fr\/event\/conference-de-sollicitation-pour-la-demande-de-propositions-pour-le-registre-international-portant-sur-les-materiels-dequipement-mac\/","title":{"rendered":"Conf\u00e9rence de sollicitation pour la demande de propositions pour le Registre international portant sur les mat\u00e9riels d\u2019\u00e9quipement MAC"},"content":{"rendered":"<p>Le Secr\u00e9tariat d\u2019UNIDROIT, au nom de la Commission pr\u00e9paratoire pour l\u2019\u00e9tablissement du Registre international pour les mat\u00e9riels d\u2019\u00e9quipement MAC conform\u00e9ment au Protocole MAC (Commission pr\u00e9paratoire MAC), a le plaisir d\u2019annoncer la publication de la\u00a0<strong>demande de propositions pour le Registre international portant sur les mat\u00e9riels d\u2019\u00e9quipement MAC.<\/strong><\/p>\n<p>En savoir plus sur la demande de propositions \u00e0 :\u00a0<a href=\"https:\/\/www.unidroit.org\/fr\/macrfp\/\">https:\/\/www.unidroit.org\/fr\/macrfp\/<\/a><\/p>\n<p>Le Secr\u00e9tariat organisera une conf\u00e9rence de sollicitation le 1er avril 2022 relative \u00e0 la demande de propositions.<\/p>\n<p>Pour toute question sur la proc\u00e9dure portant sur la demande de propositions, veuillez contacter\u00a0<a href=\"mailto:macrfp@unidroit.org\">macrfp@unidroit.org<\/a>. Pour en savoir plus sur le Protocole MAC,\u00a0<a href=\"https:\/\/www.unidroit.org\/fr\/instruments\/garanties-internationales\/protocole-mac\/\">cliquer ici<\/a>. Pour en savoir plus sur la Commission pr\u00e9paratoire MAC,\u00a0<a href=\"https:\/\/www.unidroit.org\/fr\/travaux-en-cours\/protocole-mac-comm-prep\/\">cliquer ici<\/a>.<\/p>\n<p>Pour l\u2019enregistrement en ligne, cliquer sur le lien suivant:\u00a0<a href=\"https:\/\/us02web.zoom.us\/webinar\/register\/WN_vLW5ElIDRryHx4v3LdKKgg\" target=\"_blank\" rel=\"noopener\">https:\/\/us02web.zoom.us\/webinar\/register\/WN_vLW5ElIDRryHx4v3LdKKgg<\/a><\/p>\n<p><a href=\"https:\/\/us02web.zoom.us\/webinar\/register\/WN_vLW5ElIDRryHx4v3LdKKgg\" target=\"_blank\" rel=\"noopener\"><img loading=\"lazy\" decoding=\"async\" class=\"aligncenter wp-image-13477 size-large\" src=\"https:\/\/www.unidroit.org\/wp-content\/uploads\/2022\/03\/MAC-RFP-Poster-2-998x758.png\" alt=\"\" width=\"998\" height=\"758\" srcset=\"https:\/\/www.unidroit.org\/wp-content\/uploads\/2022\/03\/MAC-RFP-Poster-2.png 998w, https:\/\/www.unidroit.org\/wp-content\/uploads\/2022\/03\/MAC-RFP-Poster-2-300x228.png 300w\" sizes=\"auto, (max-width: 998px) 100vw, 998px\" \/><\/a><\/p>\n","protected":false},"excerpt":{"rendered":"<p>Le Secr\u00e9tariat d\u2019UNIDROIT, au nom de la Commission pr\u00e9paratoire pour l\u2019\u00e9tablissement du Registre international pour les mat\u00e9riels d\u2019\u00e9quipement MAC conform\u00e9ment au Protocole MAC (Commission pr\u00e9paratoire MAC), a le plaisir d\u2019annoncer la publication de la\u00a0demande de propositions pour le Registre international portant sur les mat\u00e9riels d\u2019\u00e9quipement&nbsp;<a href=\"https:\/\/www.unidroit.org\/fr\/event\/conference-de-sollicitation-pour-la-demande-de-propositions-pour-le-registre-international-portant-sur-les-materiels-dequipement-mac\/\">&hellip;<\/a><\/p>\n","protected":false},"author":20,"featured_media":0,"template":"","format":"standard","meta":{"ep_exclude_from_search":false,"_tribe_events_status":"","_tribe_events_status_reason":"","footnotes":""},"tags":[],"tribe_events_cat":[135],"class_list":["post-13568","tribe_events","type-tribe_events","status-publish","format-standard","hentry","tribe_events_cat-operations-garanties","cat_operations-garanties","odd"],"_links":{"self":[{"href":"https:\/\/www.unidroit.org\/fr\/wp-json\/wp\/v2\/tribe_events\/13568","targetHints":{"allow":["GET"]}}],"collection":[{"href":"https:\/\/www.unidroit.org\/fr\/wp-json\/wp\/v2\/tribe_events"}],"about":[{"href":"https:\/\/www.unidroit.org\/fr\/wp-json\/wp\/v2\/types\/tribe_events"}],"author":[{"embeddable":true,"href":"https:\/\/www.unidroit.org\/fr\/wp-json\/wp\/v2\/users\/20"}],"version-history":[{"count":0,"href":"https:\/\/www.unidroit.org\/fr\/wp-json\/wp\/v2\/tribe_events\/13568\/revisions"}],"wp:attachment":[{"href":"https:\/\/www.unidroit.org\/fr\/wp-json\/wp\/v2\/media?parent=13568"}],"wp:term":[{"taxonomy":"post_tag","embeddable":true,"href":"https:\/\/www.unidroit.org\/fr\/wp-json\/wp\/v2\/tags?post=13568"},{"taxonomy":"tribe_events_cat","embeddable":true,"href":"https:\/\/www.unidroit.org\/fr\/wp-json\/wp\/v2\/tribe_events_cat?post=13568"}],"curies":[{"name":"wp","href":"https:\/\/api.w.org\/{rel}","templated":true}]}}

Conférence de sollicitation pour la demande de propositions pour le Registre international portant sur les matériels d’équipement MAC

<p>Le Secrétariat d’UNIDROIT, au nom de la Commission préparatoire pour l’établissement du Registre international pour les matériels d’équipement MAC conformément au Protocole MAC (Commission préparatoire MAC), a le plaisir d’annoncer la publication de la <strong>demande de propositions pour le Registre international portant sur les matériels d’équipement MAC.</strong></p>
<p>En savoir plus sur la demande de propositions à : <a href="https://www.unidroit.org/fr/macrfp/">https://www.unidroit.org/fr/macrfp/</a></p>
<p>Le Secrétariat organisera une conférence de sollicitation le 1er avril 2022 relative à la demande de propositions.</p>
<p>Pour toute question sur la procédure portant sur la demande de propositions, veuillez contacter <a href="mailto:macrfp@unidroit.org">macrfp@unidroit.org</a>. Pour en savoir plus sur le Protocole MAC, <a href="https://www.unidroit.org/fr/instruments/garanties-internationales/protocole-mac/">cliquer ici</a>. Pour en savoir plus sur la Commission préparatoire MAC, <a href="https://www.unidroit.org/fr/travaux-en-cours/protocole-mac-comm-prep/">cliquer ici</a>.</p>
<p>Pour l’enregistrement en ligne, cliquer sur le lien suivant: <a href="https://us02web.zoom.us/webinar/register/WN_vLW5ElIDRryHx4v3LdKKgg" target="_blank" rel="noopener">https://us02web.zoom.us/webinar/register/WN_vLW5ElIDRryHx4v3LdKKgg</a></p>
<p><a href="https://us02web.zoom.us/webinar/register/WN_vLW5ElIDRryHx4v3LdKKgg" target="_blank" rel="noopener"><img loading="lazy" decoding="async" class="aligncenter wp-image-13477 size-large" src="https://www.unidroit.org/wp-content/uploads/2022/03/MAC-RFP-Poster-2-998x758.png" alt="" width="998" height="758" srcset="https://www.unidroit.org/wp-content/uploads/2022/03/MAC-RFP-Poster-2.png 998w, https://www.unidroit.org/wp-content/uploads/2022/03/MAC-RFP-Poster-2-300x228.png 300w" sizes="auto, (max-width: 998px) 100vw, 998px" /></a></p>

<p>Le Secrétariat d’UNIDROIT, au nom de la Commission préparatoire pour l’établissement du Registre international pour les matériels d’équipement MAC conformément au Protocole MAC (Commission préparatoire MAC), a le plaisir d’annoncer la publication de la demande de propositions pour le Registre international portant sur les matériels d’équipement&nbsp;<a href="https://www.unidroit.org/fr/event/conference-de-sollicitation-pour-la-demande-de-propositions-pour-le-registre-international-portant-sur-les-materiels-dequipement-mac/">&hellip;</a></p>
