{"id":30742,"date":"2025-01-29T11:18:13","date_gmt":"2025-01-29T10:18:13","guid":{"rendered":"https:\/\/www.unidroit.org\/event\/seventh-session-of-the-working-group-on-the-legal-nature-of-verified-carbon-credits\/"},"modified":"2025-01-29T11:20:07","modified_gmt":"2025-01-29T10:20:07","slug":"septieme-session-du-groupe-de-travail-sur-la-nature-juridique-des-credits-carbone-verifies","status":"publish","type":"tribe_events","link":"https:\/\/www.unidroit.org\/fr\/event\/septieme-session-du-groupe-de-travail-sur-la-nature-juridique-des-credits-carbone-verifies\/","title":{"rendered":"Septi\u00e8me session du Groupe de travail sur la Nature juridique des cr\u00e9dits carbone v\u00e9rifi\u00e9s"},"content":{"rendered":"","protected":false},"excerpt":{"rendered":"","protected":false},"author":15,"featured_media":0,"template":"","format":"standard","meta":{"ep_exclude_from_search":false,"_tribe_events_status":"","_tribe_events_status_reason":"","footnotes":""},"tags":[],"tribe_events_cat":[154,289],"class_list":["post-30742","tribe_events","type-tribe_events","status-publish","format-standard","hentry","tribe_events_cat-evenements","tribe_events_cat-vcc-fr","cat_evenements","cat_vcc-fr","odd"],"_links":{"self":[{"href":"https:\/\/www.unidroit.org\/fr\/wp-json\/wp\/v2\/tribe_events\/30742","targetHints":{"allow":["GET"]}}],"collection":[{"href":"https:\/\/www.unidroit.org\/fr\/wp-json\/wp\/v2\/tribe_events"}],"about":[{"href":"https:\/\/www.unidroit.org\/fr\/wp-json\/wp\/v2\/types\/tribe_events"}],"author":[{"embeddable":true,"href":"https:\/\/www.unidroit.org\/fr\/wp-json\/wp\/v2\/users\/15"}],"version-history":[{"count":3,"href":"https:\/\/www.unidroit.org\/fr\/wp-json\/wp\/v2\/tribe_events\/30742\/revisions"}],"predecessor-version":[{"id":30745,"href":"https:\/\/www.unidroit.org\/fr\/wp-json\/wp\/v2\/tribe_events\/30742\/revisions\/30745"}],"wp:attachment":[{"href":"https:\/\/www.unidroit.org\/fr\/wp-json\/wp\/v2\/media?parent=30742"}],"wp:term":[{"taxonomy":"post_tag","embeddable":true,"href":"https:\/\/www.unidroit.org\/fr\/wp-json\/wp\/v2\/tags?post=30742"},{"taxonomy":"tribe_events_cat","embeddable":true,"href":"https:\/\/www.unidroit.org\/fr\/wp-json\/wp\/v2\/tribe_events_cat?post=30742"}],"curies":[{"name":"wp","href":"https:\/\/api.w.org\/{rel}","templated":true}]}}

Septième session du Groupe de travail sur la Nature juridique des crédits carbone vérifiés
