{"id":37942,"date":"2026-01-26T11:28:07","date_gmt":"2026-01-26T10:28:07","guid":{"rendered":"https:\/\/www.unidroit.org\/event\/ouverture-du-centenaire\/"},"modified":"2026-02-12T16:40:55","modified_gmt":"2026-02-12T15:40:55","slug":"ouverture-du-centenaire","status":"publish","type":"tribe_events","link":"https:\/\/www.unidroit.org\/fr\/event\/ouverture-du-centenaire\/","title":{"rendered":"Ouverture du Centenaire"},"content":{"rendered":"<p style=\"text-align: justify;\">C\u00e9r\u00e9monie d\u2019ouverture du Centenaire, le 20 avril \u00e0 18 h \u00e0 UNIDROIT: cet \u00e9v\u00e9nement marquera l\u2019ouverture officielle du Centenaire, cent ans apr\u00e8s la fondation de l\u2019Institut. Il sera ponctu\u00e9 de discours prononc\u00e9s par les organes directeurs de l\u2019Institut ainsi que par des repr\u00e9sentants du milieu universitaire, du pouvoir judiciaire, de la profession juridique et autres. De plus, cette soir\u00e9e sera l\u2019occasion de c\u00e9l\u00e9brer l\u2019inauguration des Archives historiques de l\u2019Institut, accompagn\u00e9e d\u2019une petite exposition pr\u00e9sentant les documents fondateurs et aux archives photographiques historiques.<\/p>\n","protected":false},"excerpt":{"rendered":"<p>C\u00e9r\u00e9monie d\u2019ouverture du Centenaire, le 20 avril \u00e0 18 h \u00e0 UNIDROIT: cet \u00e9v\u00e9nement marquera l\u2019ouverture officielle du Centenaire, cent ans apr\u00e8s la fondation de l\u2019Institut. Il sera ponctu\u00e9 de discours prononc\u00e9s par les organes directeurs de l\u2019Institut ainsi que par des repr\u00e9sentants du milieu&nbsp;<a href=\"https:\/\/www.unidroit.org\/fr\/event\/ouverture-du-centenaire\/\">&hellip;<\/a><\/p>\n","protected":false},"author":35,"featured_media":0,"template":"","format":"standard","meta":{"ep_exclude_from_search":false,"_tribe_events_status":"","_tribe_events_status_reason":"","footnotes":""},"tags":[],"tribe_events_cat":[356],"class_list":["post-37942","tribe_events","type-tribe_events","status-publish","format-standard","hentry","tribe_events_cat-centenary-fr","cat_centenary-fr","odd"],"_links":{"self":[{"href":"https:\/\/www.unidroit.org\/fr\/wp-json\/wp\/v2\/tribe_events\/37942","targetHints":{"allow":["GET"]}}],"collection":[{"href":"https:\/\/www.unidroit.org\/fr\/wp-json\/wp\/v2\/tribe_events"}],"about":[{"href":"https:\/\/www.unidroit.org\/fr\/wp-json\/wp\/v2\/types\/tribe_events"}],"author":[{"embeddable":true,"href":"https:\/\/www.unidroit.org\/fr\/wp-json\/wp\/v2\/users\/35"}],"version-history":[{"count":1,"href":"https:\/\/www.unidroit.org\/fr\/wp-json\/wp\/v2\/tribe_events\/37942\/revisions"}],"predecessor-version":[{"id":38373,"href":"https:\/\/www.unidroit.org\/fr\/wp-json\/wp\/v2\/tribe_events\/37942\/revisions\/38373"}],"wp:attachment":[{"href":"https:\/\/www.unidroit.org\/fr\/wp-json\/wp\/v2\/media?parent=37942"}],"wp:term":[{"taxonomy":"post_tag","embeddable":true,"href":"https:\/\/www.unidroit.org\/fr\/wp-json\/wp\/v2\/tags?post=37942"},{"taxonomy":"tribe_events_cat","embeddable":true,"href":"https:\/\/www.unidroit.org\/fr\/wp-json\/wp\/v2\/tribe_events_cat?post=37942"}],"curies":[{"name":"wp","href":"https:\/\/api.w.org\/{rel}","templated":true}]}}

<p style="text-align: justify;">Cérémonie d’ouverture du Centenaire, le 20 avril à 18 h à UNIDROIT: cet événement marquera l’ouverture officielle du Centenaire, cent ans après la fondation de l’Institut. Il sera ponctué de discours prononcés par les organes directeurs de l’Institut ainsi que par des représentants du milieu universitaire, du pouvoir judiciaire, de la profession juridique et autres. De plus, cette soirée sera l’occasion de célébrer l’inauguration des Archives historiques de l’Institut, accompagnée d’une petite exposition présentant les documents fondateurs et aux archives photographiques historiques.</p>

<p>Cérémonie d’ouverture du Centenaire, le 20 avril à 18 h à UNIDROIT: cet événement marquera l’ouverture officielle du Centenaire, cent ans après la fondation de l’Institut. Il sera ponctué de discours prononcés par les organes directeurs de l’Institut ainsi que par des représentants du milieu&nbsp;<a href="https://www.unidroit.org/fr/event/ouverture-du-centenaire/">&hellip;</a></p>
