{"id":37955,"date":"2026-01-26T11:41:45","date_gmt":"2026-01-26T10:41:45","guid":{"rendered":"https:\/\/www.unidroit.org\/event\/conference-internationale-sur-le-droit-transnational-et-la-cooperation-des-organisations-internationales\/"},"modified":"2026-02-12T16:51:00","modified_gmt":"2026-02-12T15:51:00","slug":"conference-internationale-sur-le-droit-transnational-et-la-cooperation-des-organisations-internationales","status":"publish","type":"tribe_events","link":"https:\/\/www.unidroit.org\/fr\/event\/conference-internationale-sur-le-droit-transnational-et-la-cooperation-des-organisations-internationales\/","title":{"rendered":"Conf\u00e9rence internationale sur le droit transnational et la coop\u00e9ration des Organisations internationales"},"content":{"rendered":"<p style=\"text-align: justify;\">Atelier international sur le droit transnational et la coop\u00e9ration des Organisations internationales, les 25 et 26 mai \u00e0 UNIDROIT: en tant qu\u2019\u00e9v\u00e9nement d\u2019ouverture de la 107<sup>\u00e8me<\/sup> session du Conseil de Direction, cet atelier r\u00e9unira les membres du Comit\u00e9 international de partenaires et sera, \u00e0 ce titre, pr\u00e9sid\u00e9 par ce Comit\u00e9.<\/p>\n","protected":false},"excerpt":{"rendered":"<p>Atelier international sur le droit transnational et la coop\u00e9ration des Organisations internationales, les 25 et 26 mai \u00e0 UNIDROIT: en tant qu\u2019\u00e9v\u00e9nement d\u2019ouverture de la 107\u00e8me session du Conseil de Direction, cet atelier r\u00e9unira les membres du Comit\u00e9 international de partenaires et sera, \u00e0 ce&nbsp;<a href=\"https:\/\/www.unidroit.org\/fr\/event\/conference-internationale-sur-le-droit-transnational-et-la-cooperation-des-organisations-internationales\/\">&hellip;<\/a><\/p>\n","protected":false},"author":35,"featured_media":0,"template":"","format":"standard","meta":{"ep_exclude_from_search":false,"_tribe_events_status":"","_tribe_events_status_reason":"","footnotes":""},"tags":[],"tribe_events_cat":[356],"class_list":["post-37955","tribe_events","type-tribe_events","status-publish","format-standard","hentry","tribe_events_cat-centenary-fr","cat_centenary-fr","odd"],"_links":{"self":[{"href":"https:\/\/www.unidroit.org\/fr\/wp-json\/wp\/v2\/tribe_events\/37955","targetHints":{"allow":["GET"]}}],"collection":[{"href":"https:\/\/www.unidroit.org\/fr\/wp-json\/wp\/v2\/tribe_events"}],"about":[{"href":"https:\/\/www.unidroit.org\/fr\/wp-json\/wp\/v2\/types\/tribe_events"}],"author":[{"embeddable":true,"href":"https:\/\/www.unidroit.org\/fr\/wp-json\/wp\/v2\/users\/35"}],"version-history":[{"count":2,"href":"https:\/\/www.unidroit.org\/fr\/wp-json\/wp\/v2\/tribe_events\/37955\/revisions"}],"predecessor-version":[{"id":38380,"href":"https:\/\/www.unidroit.org\/fr\/wp-json\/wp\/v2\/tribe_events\/37955\/revisions\/38380"}],"wp:attachment":[{"href":"https:\/\/www.unidroit.org\/fr\/wp-json\/wp\/v2\/media?parent=37955"}],"wp:term":[{"taxonomy":"post_tag","embeddable":true,"href":"https:\/\/www.unidroit.org\/fr\/wp-json\/wp\/v2\/tags?post=37955"},{"taxonomy":"tribe_events_cat","embeddable":true,"href":"https:\/\/www.unidroit.org\/fr\/wp-json\/wp\/v2\/tribe_events_cat?post=37955"}],"curies":[{"name":"wp","href":"https:\/\/api.w.org\/{rel}","templated":true}]}}

Conférence internationale sur le droit transnational et la coopération des Organisations internationales

<p style="text-align: justify;">Atelier international sur le droit transnational et la coopération des Organisations internationales, les 25 et 26 mai à UNIDROIT: en tant qu’événement d’ouverture de la 107<sup>ème</sup> session du Conseil de Direction, cet atelier réunira les membres du Comité international de partenaires et sera, à ce titre, présidé par ce Comité.</p>

<p>Atelier international sur le droit transnational et la coopération des Organisations internationales, les 25 et 26 mai à UNIDROIT: en tant qu’événement d’ouverture de la 107ème session du Conseil de Direction, cet atelier réunira les membres du Comité international de partenaires et sera, à ce&nbsp;<a href="https://www.unidroit.org/fr/event/conference-internationale-sur-le-droit-transnational-et-la-cooperation-des-organisations-internationales/">&hellip;</a></p>
