{"id":37964,"date":"2026-01-26T11:48:00","date_gmt":"2026-01-26T10:48:00","guid":{"rendered":"https:\/\/www.unidroit.org\/event\/evenement-regional-organise-par-unidroit-a-loccasion-de-son-centenaire-en-europe\/"},"modified":"2026-01-26T11:48:00","modified_gmt":"2026-01-26T10:48:00","slug":"evenement-regional-organise-par-unidroit-a-loccasion-de-son-centenaire-en-europe","status":"publish","type":"tribe_events","link":"https:\/\/www.unidroit.org\/fr\/event\/evenement-regional-organise-par-unidroit-a-loccasion-de-son-centenaire-en-europe\/","title":{"rendered":"\u00c9v\u00e9nement r\u00e9gional organis\u00e9 par UNIDROIT \u00e0 l\u2019occasion de son Centenaire en Europe"},"content":{"rendered":"","protected":false},"excerpt":{"rendered":"","protected":false},"author":35,"featured_media":0,"template":"","format":"standard","meta":{"ep_exclude_from_search":false,"_tribe_events_status":"","_tribe_events_status_reason":"","footnotes":""},"tags":[],"tribe_events_cat":[356],"class_list":["post-37964","tribe_events","type-tribe_events","status-publish","format-standard","hentry","tribe_events_cat-centenary-fr","cat_centenary-fr","odd"],"_links":{"self":[{"href":"https:\/\/www.unidroit.org\/fr\/wp-json\/wp\/v2\/tribe_events\/37964","targetHints":{"allow":["GET"]}}],"collection":[{"href":"https:\/\/www.unidroit.org\/fr\/wp-json\/wp\/v2\/tribe_events"}],"about":[{"href":"https:\/\/www.unidroit.org\/fr\/wp-json\/wp\/v2\/types\/tribe_events"}],"author":[{"embeddable":true,"href":"https:\/\/www.unidroit.org\/fr\/wp-json\/wp\/v2\/users\/35"}],"version-history":[{"count":0,"href":"https:\/\/www.unidroit.org\/fr\/wp-json\/wp\/v2\/tribe_events\/37964\/revisions"}],"wp:attachment":[{"href":"https:\/\/www.unidroit.org\/fr\/wp-json\/wp\/v2\/media?parent=37964"}],"wp:term":[{"taxonomy":"post_tag","embeddable":true,"href":"https:\/\/www.unidroit.org\/fr\/wp-json\/wp\/v2\/tags?post=37964"},{"taxonomy":"tribe_events_cat","embeddable":true,"href":"https:\/\/www.unidroit.org\/fr\/wp-json\/wp\/v2\/tribe_events_cat?post=37964"}],"curies":[{"name":"wp","href":"https:\/\/api.w.org\/{rel}","templated":true}]}}

Événement régional organisé par UNIDROIT à l’occasion de son Centenaire en Europe
