{"id":9930,"date":"2021-09-16T16:01:25","date_gmt":"2021-09-16T16:01:25","guid":{"rendered":"https:\/\/www.unidroit.org\/?post_type=tribe_events&#038;p=9930"},"modified":"2021-09-16T16:01:46","modified_gmt":"2021-09-16T16:01:46","slug":"100eme-session-du-conseil-de-direction-dunidroit-celebrons-ensemble","status":"publish","type":"tribe_events","link":"https:\/\/www.unidroit.org\/fr\/event\/100eme-session-du-conseil-de-direction-dunidroit-celebrons-ensemble\/","title":{"rendered":"100\u00e8me session du Conseil de Direction d\u2019UNIDROIT \u2013 C\u00e9l\u00e9brons ensemble"},"content":{"rendered":"<p><img loading=\"lazy\" decoding=\"async\" class=\"size-medium wp-image-9925 alignleft\" src=\"https:\/\/www.unidroit.org\/wp-content\/uploads\/2021\/09\/FlyerBologna-300x300.png\" alt=\"\" width=\"300\" height=\"300\" srcset=\"https:\/\/www.unidroit.org\/wp-content\/uploads\/2021\/09\/FlyerBologna-300x300.png 300w, https:\/\/www.unidroit.org\/wp-content\/uploads\/2021\/09\/FlyerBologna-150x150.png 150w, https:\/\/www.unidroit.org\/wp-content\/uploads\/2021\/09\/FlyerBologna-1024x1024.png 1024w, https:\/\/www.unidroit.org\/wp-content\/uploads\/2021\/09\/FlyerBologna.png 1500w\" sizes=\"auto, (max-width: 300px) 100vw, 300px\" \/><\/p>\n<p>Rejoignez UNIDROIT pour c\u00e9l\u00e9brer ses plus grandes r\u00e9alisations \u00e0 l\u2019occasion de la 100\u00e8me session de son Conseil de Direction. \u00a0Les membres du Conseil de Direction, <em>ad honorem<\/em> et actuels, d\u2019\u00e9minents correspondants et des repr\u00e9sentants d\u2019organisations internationales se r\u00e9uniront \u00e0 Bologne dans le lieu historique de l\u2019Oratorio San Filippo Neri. Cet \u00e9v\u00e9nement est organis\u00e9 gr\u00e2ce au soutien de l\u2019Universit\u00e9 de Bologne et de la <em>Fondazione del Monte<\/em>.<\/p>\n<p><a href=\"https:\/\/www.unidroit.org\/wp-content\/uploads\/2021\/09\/ProgrammeBol2.pdf\">Programme<\/a><\/p>\n<p><a href=\"https:\/\/us02web.zoom.us\/webinar\/register\/WN_hCLeDaEtTYiK0zN76ZSLfQ\" target=\"_blank\" rel=\"noopener\">Les inscriptions sont ouvertes<\/a><\/p>\n","protected":false},"excerpt":{"rendered":"<p>Rejoignez UNIDROIT pour c\u00e9l\u00e9brer ses plus grandes r\u00e9alisations \u00e0 l\u2019occasion de la 100\u00e8me session de son Conseil de Direction. \u00a0Les membres du Conseil de Direction, ad honorem et actuels, d\u2019\u00e9minents correspondants et des repr\u00e9sentants d\u2019organisations internationales se r\u00e9uniront \u00e0 Bologne dans le lieu historique de&nbsp;<a href=\"https:\/\/www.unidroit.org\/fr\/event\/100eme-session-du-conseil-de-direction-dunidroit-celebrons-ensemble\/\">&hellip;<\/a><\/p>\n","protected":false},"author":19,"featured_media":0,"template":"","format":"standard","meta":{"ep_exclude_from_search":false,"_tribe_events_status":"","_tribe_events_status_reason":"","footnotes":""},"tags":[],"tribe_events_cat":[154],"class_list":["post-9930","tribe_events","type-tribe_events","status-publish","format-standard","hentry","tribe_events_cat-evenements","cat_evenements","odd"],"_links":{"self":[{"href":"https:\/\/www.unidroit.org\/fr\/wp-json\/wp\/v2\/tribe_events\/9930","targetHints":{"allow":["GET"]}}],"collection":[{"href":"https:\/\/www.unidroit.org\/fr\/wp-json\/wp\/v2\/tribe_events"}],"about":[{"href":"https:\/\/www.unidroit.org\/fr\/wp-json\/wp\/v2\/types\/tribe_events"}],"author":[{"embeddable":true,"href":"https:\/\/www.unidroit.org\/fr\/wp-json\/wp\/v2\/users\/19"}],"version-history":[{"count":0,"href":"https:\/\/www.unidroit.org\/fr\/wp-json\/wp\/v2\/tribe_events\/9930\/revisions"}],"wp:attachment":[{"href":"https:\/\/www.unidroit.org\/fr\/wp-json\/wp\/v2\/media?parent=9930"}],"wp:term":[{"taxonomy":"post_tag","embeddable":true,"href":"https:\/\/www.unidroit.org\/fr\/wp-json\/wp\/v2\/tags?post=9930"},{"taxonomy":"tribe_events_cat","embeddable":true,"href":"https:\/\/www.unidroit.org\/fr\/wp-json\/wp\/v2\/tribe_events_cat?post=9930"}],"curies":[{"name":"wp","href":"https:\/\/api.w.org\/{rel}","templated":true}]}}

100ème session du Conseil de Direction d’UNIDROIT – Célébrons ensemble

<p><img loading="lazy" decoding="async" class="size-medium wp-image-9925 alignleft" src="https://www.unidroit.org/wp-content/uploads/2021/09/FlyerBologna-300x300.png" alt="" width="300" height="300" srcset="https://www.unidroit.org/wp-content/uploads/2021/09/FlyerBologna-300x300.png 300w, https://www.unidroit.org/wp-content/uploads/2021/09/FlyerBologna-150x150.png 150w, https://www.unidroit.org/wp-content/uploads/2021/09/FlyerBologna-1024x1024.png 1024w, https://www.unidroit.org/wp-content/uploads/2021/09/FlyerBologna.png 1500w" sizes="auto, (max-width: 300px) 100vw, 300px" /></p>
<p>Rejoignez UNIDROIT pour célébrer ses plus grandes réalisations à l’occasion de la 100ème session de son Conseil de Direction.  Les membres du Conseil de Direction, <em>ad honorem</em> et actuels, d’éminents correspondants et des représentants d’organisations internationales se réuniront à Bologne dans le lieu historique de l’Oratorio San Filippo Neri. Cet événement est organisé grâce au soutien de l’Université de Bologne et de la <em>Fondazione del Monte</em>.</p>
<p><a href="https://www.unidroit.org/wp-content/uploads/2021/09/ProgrammeBol2.pdf">Programme</a></p>
<p><a href="https://us02web.zoom.us/webinar/register/WN_hCLeDaEtTYiK0zN76ZSLfQ" target="_blank" rel="noopener">Les inscriptions sont ouvertes</a></p>

<p>Rejoignez UNIDROIT pour célébrer ses plus grandes réalisations à l’occasion de la 100ème session de son Conseil de Direction.  Les membres du Conseil de Direction, ad honorem et actuels, d’éminents correspondants et des représentants d’organisations internationales se réuniront à Bologne dans le lieu historique de&nbsp;<a href="https://www.unidroit.org/fr/event/100eme-session-du-conseil-de-direction-dunidroit-celebrons-ensemble/">&hellip;</a></p>
